{"id":14143,"date":"2025-08-27T15:16:06","date_gmt":"2025-08-27T13:16:06","guid":{"rendered":"https:\/\/brekoverband.de\/?post_type=events&#038;p=14143"},"modified":"2025-08-29T15:27:04","modified_gmt":"2025-08-29T13:27:04","slug":"live-webinar-der-breko-eg-barrierefrei-kommunizieren-videos-jetzt-bfsg-konform-umsetzen","status":"publish","type":"events","link":"https:\/\/brekoverband.de\/en\/events\/live-webinar-der-breko-eg-barrierefrei-kommunizieren-videos-jetzt-bfsg-konform-umsetzen\/","title":{"rendered":"Live-Webinar: Barrierefrei kommunizieren \u2013 Videos jetzt BFSG-konform umsetzen"},"content":{"rendered":"<p><div class=\"fusion-fullwidth fullwidth-box fusion-builder-row-1 fusion-flex-container has-pattern-background has-mask-background nonhundred-percent-fullwidth non-hundred-percent-height-scrolling poli-container-mode-normal\" style=\"--awb-border-radius-top-left:0px;--awb-border-radius-top-right:0px;--awb-border-radius-bottom-right:0px;--awb-border-radius-bottom-left:0px;--awb-flex-wrap:wrap;\" ><div class=\"fusion-builder-row fusion-row fusion-flex-align-items-center fusion-flex-justify-content-center fusion-flex-content-wrap\" style=\"max-width:1372.8px;margin-left: calc(-4% \/ 2 );margin-right: calc(-4% \/ 2 );\"><div class=\"fusion-layout-column fusion_builder_column fusion-builder-column-0 fusion_builder_column_2_5 2_5 fusion-flex-column\" style=\"--awb-bg-size:cover;--awb-width-large:40%;--awb-margin-top-large:0px;--awb-spacing-right-large:4.8%;--awb-margin-bottom-large:0px;--awb-spacing-left-large:4.8%;--awb-width-medium:40%;--awb-order-medium:0;--awb-spacing-right-medium:4.8%;--awb-spacing-left-medium:4.8%;--awb-width-small:100%;--awb-order-small:0;--awb-spacing-right-small:1.92%;--awb-spacing-left-small:1.92%;\"><div class=\"fusion-column-wrapper fusion-column-has-shadow fusion-flex-justify-content-flex-start fusion-content-layout-column\"><div class=\"fusion-image-element \" style=\"text-align:center;--awb-caption-title-font-family:var(--h2_typography-font-family);--awb-caption-title-font-weight:var(--h2_typography-font-weight);--awb-caption-title-font-style:var(--h2_typography-font-style);--awb-caption-title-size:var(--h2_typography-font-size);--awb-caption-title-transform:var(--h2_typography-text-transform);--awb-caption-title-line-height:var(--h2_typography-line-height);--awb-caption-title-letter-spacing:var(--h2_typography-letter-spacing);\"><span class=\" fusion-imageframe imageframe-none imageframe-1 hover-type-none\"><a href=\"https:\/\/brekoverband.de\/wp-content\/uploads\/2025\/08\/Banner-WEBINAR-400x300-3.png\" class=\"fusion-lightbox\" data-rel=\"iLightbox[43761572d0baeb3bb43]\" data-title=\"Banner WEBINAR 400&#215;300\" title=\"Banner WEBINAR 400&#215;300\"><img decoding=\"async\" width=\"400\" height=\"300\" src=\"https:\/\/brekoverband.de\/wp-content\/uploads\/2025\/08\/Banner-WEBINAR-400x300-3.png\" data-orig-src=\"https:\/\/brekoverband.de\/wp-content\/uploads\/2025\/08\/Banner-WEBINAR-400x300-3.png\" alt class=\"lazyload img-responsive wp-image-14188\" srcset=\"data:image\/svg+xml,%3Csvg%20xmlns%3D%27http%3A%2F%2Fwww.w3.org%2F2000%2Fsvg%27%20width%3D%27400%27%20height%3D%27300%27%20viewBox%3D%270%200%20400%20300%27%3E%3Crect%20width%3D%27400%27%20height%3D%27300%27%20fill-opacity%3D%220%22%2F%3E%3C%2Fsvg%3E\" data-srcset=\"https:\/\/brekoverband.de\/wp-content\/uploads\/2025\/08\/Banner-WEBINAR-400x300-3-200x150.png 200w, https:\/\/brekoverband.de\/wp-content\/uploads\/2025\/08\/Banner-WEBINAR-400x300-3.png 400w\" data-sizes=\"auto\" data-orig-sizes=\"(max-width: 850px) 100vw, 400px\" \/><\/a><\/span><\/div><\/div><\/div><\/div><\/div><div class=\"fusion-fullwidth fullwidth-box fusion-builder-row-2 fusion-flex-container has-pattern-background has-mask-background nonhundred-percent-fullwidth non-hundred-percent-height-scrolling poli-container-mode-normal\" style=\"--link_hover_color: var(--awb-color2);--link_color: var(--awb-color1);--awb-border-color:var(--awb-color1);--awb-border-radius-top-left:0px;--awb-border-radius-top-right:0px;--awb-border-radius-bottom-right:0px;--awb-border-radius-bottom-left:0px;--awb-padding-top:50px;--awb-background-color:var(--awb-color1);--awb-flex-wrap:wrap;\" ><div class=\"fusion-builder-row fusion-row fusion-flex-align-items-flex-start fusion-flex-content-wrap\" style=\"max-width:1372.8px;margin-left: calc(-4% \/ 2 );margin-right: calc(-4% \/ 2 );\"><div class=\"fusion-layout-column fusion_builder_column fusion-builder-column-1 fusion_builder_column_1_1 1_1 fusion-flex-column\" style=\"--awb-padding-top:50px;--awb-padding-right:60px;--awb-padding-bottom:50px;--awb-padding-left:80px;--awb-padding-top-small:30px;--awb-padding-right-small:30px;--awb-padding-bottom-small:30px;--awb-padding-left-small:30px;--awb-overflow:hidden;--awb-bg-color:var(--awb-color1);--awb-bg-color-hover:var(--awb-color1);--awb-bg-image:radial-gradient(circle at center center, #003b5c 0%,#01142a 100%);--awb-bg-size:cover;--awb-box-shadow:2px 2px 40px 0px hsla(var(--awb-color1-h),var(--awb-color1-s),var(--awb-color1-l),calc(var(--awb-color1-a) - 90%));;--awb-border-radius:10px 10px 10px 10px;--awb-width-large:100%;--awb-margin-top-large:-20px;--awb-spacing-right-large:1.92%;--awb-margin-bottom-large:0px;--awb-spacing-left-large:1.92%;--awb-width-medium:100%;--awb-order-medium:0;--awb-spacing-right-medium:1.92%;--awb-spacing-left-medium:1.92%;--awb-width-small:100%;--awb-order-small:0;--awb-spacing-right-small:1.92%;--awb-margin-bottom-small:40px;--awb-spacing-left-small:1.92%;\" data-motion-effects=\"[{&quot;type&quot;:&quot;scroll&quot;,&quot;scroll_type&quot;:&quot;transition&quot;,&quot;scroll_direction&quot;:&quot;up&quot;,&quot;transition_speed&quot;:&quot;1&quot;,&quot;fade_type&quot;:&quot;in&quot;,&quot;scale_type&quot;:&quot;up&quot;,&quot;initial_scale&quot;:&quot;1&quot;,&quot;max_scale&quot;:&quot;1.5&quot;,&quot;min_scale&quot;:&quot;0.5&quot;,&quot;initial_rotate&quot;:&quot;0&quot;,&quot;end_rotate&quot;:&quot;30&quot;,&quot;initial_blur&quot;:&quot;0&quot;,&quot;end_blur&quot;:&quot;3&quot;,&quot;start_element&quot;:&quot;top&quot;,&quot;start_viewport&quot;:&quot;bottom&quot;,&quot;end_element&quot;:&quot;bottom&quot;,&quot;end_viewport&quot;:&quot;top&quot;,&quot;mouse_effect&quot;:&quot;track&quot;,&quot;mouse_effect_direction&quot;:&quot;opposite&quot;,&quot;mouse_effect_speed&quot;:&quot;2&quot;,&quot;infinite_animation&quot;:&quot;float&quot;,&quot;infinite_animation_speed&quot;:&quot;2&quot;}]\" data-scroll-devices=\"medium-visibility,large-visibility\"><div class=\"fusion-column-wrapper fusion-column-has-shadow fusion-flex-justify-content-flex-start fusion-content-layout-column\"><div class=\"fusion-separator fusion-full-width-sep\" style=\"align-self: center;margin-left: auto;margin-right: auto;width:100%;\"><\/div><div class=\"fusion-text fusion-text-1\" style=\"--awb-text-color:var(--awb-color1);\"><p><strong>Die BREKO eG l\u00e4dt Sie herzlich zum Live-Webinar &#8221; Barrierefrei kommunizieren &#8211; Videos jetzt BFSG-konform umsetzten&#8221; am\u00a0 <\/strong><strong>17. September 2025 ein.<\/strong><\/p>\n<p>Seit dem <strong>28. Juni 2025<\/strong> ist das <strong>Barrierefreiheitsst\u00e4rkungsgesetz (BFSG)<\/strong> in Kraft. Es verpflichtet Sie als Netzbetreiber und Stadtwerke, <strong>digitale Inhalte<\/strong> \u2013 insbesondere <strong>eingebundene Videos<\/strong> auf Webseiten, Kundenportalen oder in Apps \u2013 <strong>barrierefrei<\/strong> bereitzustellen.<\/p>\n<p>Das betrifft unter anderem folgende Anforderungen:<\/p>\n<ul>\n<li>Bereitstellung von <strong>Untertiteln<\/strong><\/li>\n<li><strong>Audiobeschreibungen<\/strong> bzw. erg\u00e4nzende Bildbeschreibungen<\/li>\n<li><strong>Bedienbare Videoplayer<\/strong> nach WCAG-Standards<\/li>\n<li>Verzicht auf <strong>Autoplay<\/strong> oder schwer steuerbare Formate<\/li>\n<\/ul>\n<p>F\u00fcr Sie<strong> als Mitgliedsunternehmen des BREKO<\/strong> hei\u00dft das: Bereits ver\u00f6ffentlichte und k\u00fcnftig eingesetzte Videos \u2013 z.\u202fB. die beliebten <strong>BREKO White-Label Glasfaser-Erkl\u00e4rfilme<\/strong> \u2013 m\u00fcssen diese Vorgaben erf\u00fcllen.<\/p>\n<p>Im kompakten <strong>Live-Webinar<\/strong> zeigt die BREKO eG Ihnen in nur <strong>30 Minuten<\/strong>:<\/p>\n<ul>\n<li>Welche Anforderungen das BFSG konkret an Videos stellt<\/li>\n<li>Wie Sie Ihre bestehenden Filme mit <strong>Transkripten, Untertiteln und Audiobeschreibungen<\/strong> unkompliziert nachr\u00fcsten k\u00f6nnen und unsch\u00f6ne Werbeunterbrechungen auf euren Videos vermeiden<\/li>\n<li>Wie Sie mit dem neuen <strong>Ignite Webplayer &#8211; entwickelt und gehostet in Deutschland &#8211; <\/strong>als <strong>DSGVO- und BFSG-konforme<\/strong> Alternative zu Vimeo und YouTube technisch perfekt aufgestellt sind<\/li>\n<\/ul>\n<\/div><div class=\"fusion-separator fusion-full-width-sep\" style=\"align-self: center;margin-left: auto;margin-right: auto;width:100%;\"><\/div><a href=\"https:\/\/events.teams.microsoft.com\/event\/70d5aba7-88b2-4692-b918-edb42a39422c@4d4ceb52-0f1e-422a-b8f9-1a8930021ccd?id=14143&event=Live-Webinar%3A+Barrierefrei+kommunizieren+%E2%80%93+Videos+jetzt+BFSG-konform+umsetzen&info=17.+September+2025%2C+Online\" class=\"registration_button awb-no-decoration https:\/\/events.teams.microsoft.com\/event\/70d5aba7-88b2-4692-b918-edb42a39422c@4d4ceb52-0f1e-422a-b8f9-1a8930021ccd\" target=\"_blank\">Register now<\/a><\/div><\/div><\/div><\/div><\/p>\n","protected":false},"featured_media":14136,"template":"","meta":{"_acf_changed":false},"event_category":[49],"class_list":["post-14143","events","type-events","status-publish","has-post-thumbnail","hentry","event_category-events-der-breko-einkaufsgemeinschaft-eg"],"acf":[],"_links":{"self":[{"href":"https:\/\/brekoverband.de\/en\/wp-json\/wp\/v2\/events\/14143","targetHints":{"allow":["GET"]}}],"collection":[{"href":"https:\/\/brekoverband.de\/en\/wp-json\/wp\/v2\/events"}],"about":[{"href":"https:\/\/brekoverband.de\/en\/wp-json\/wp\/v2\/types\/events"}],"wp:featuredmedia":[{"embeddable":true,"href":"https:\/\/brekoverband.de\/en\/wp-json\/wp\/v2\/media\/14136"}],"wp:attachment":[{"href":"https:\/\/brekoverband.de\/en\/wp-json\/wp\/v2\/media?parent=14143"}],"wp:term":[{"taxonomy":"event_category","embeddable":true,"href":"https:\/\/brekoverband.de\/en\/wp-json\/wp\/v2\/event_category?post=14143"}],"curies":[{"name":"wp","href":"https:\/\/api.w.org\/{rel}","templated":true}]}}

<p><div class="fusion-fullwidth fullwidth-box fusion-builder-row-1 fusion-flex-container has-pattern-background has-mask-background nonhundred-percent-fullwidth non-hundred-percent-height-scrolling poli-container-mode-normal" style="--awb-border-radius-top-left:0px;--awb-border-radius-top-right:0px;--awb-border-radius-bottom-right:0px;--awb-border-radius-bottom-left:0px;--awb-flex-wrap:wrap;" ><div class="fusion-builder-row fusion-row fusion-flex-align-items-center fusion-flex-justify-content-center fusion-flex-content-wrap" style="max-width:1372.8px;margin-left: calc(-4% / 2 );margin-right: calc(-4% / 2 );"><div class="fusion-layout-column fusion_builder_column fusion-builder-column-0 fusion_builder_column_2_5 2_5 fusion-flex-column" style="--awb-bg-size:cover;--awb-width-large:40%;--awb-margin-top-large:0px;--awb-spacing-right-large:4.8%;--awb-margin-bottom-large:0px;--awb-spacing-left-large:4.8%;--awb-width-medium:40%;--awb-order-medium:0;--awb-spacing-right-medium:4.8%;--awb-spacing-left-medium:4.8%;--awb-width-small:100%;--awb-order-small:0;--awb-spacing-right-small:1.92%;--awb-spacing-left-small:1.92%;"><div class="fusion-column-wrapper fusion-column-has-shadow fusion-flex-justify-content-flex-start fusion-content-layout-column"><div class="fusion-image-element " style="text-align:center;--awb-caption-title-font-family:var(--h2_typography-font-family);--awb-caption-title-font-weight:var(--h2_typography-font-weight);--awb-caption-title-font-style:var(--h2_typography-font-style);--awb-caption-title-size:var(--h2_typography-font-size);--awb-caption-title-transform:var(--h2_typography-text-transform);--awb-caption-title-line-height:var(--h2_typography-line-height);--awb-caption-title-letter-spacing:var(--h2_typography-letter-spacing);"><span class=" fusion-imageframe imageframe-none imageframe-1 hover-type-none"><a href="https://brekoverband.de/wp-content/uploads/2025/08/Banner-WEBINAR-400x300-3.png" class="fusion-lightbox" data-rel="iLightbox[43761572d0baeb3bb43]" data-title="Banner WEBINAR 400&#215;300" title="Banner WEBINAR 400&#215;300"><img decoding="async" width="400" height="300" src="https://brekoverband.de/wp-content/uploads/2025/08/Banner-WEBINAR-400x300-3.png" data-orig-src="https://brekoverband.de/wp-content/uploads/2025/08/Banner-WEBINAR-400x300-3.png" alt class="lazyload img-responsive wp-image-14188" srcset="data:image/svg+xml,%3Csvg%20xmlns%3D%27http%3A%2F%2Fwww.w3.org%2F2000%2Fsvg%27%20width%3D%27400%27%20height%3D%27300%27%20viewBox%3D%270%200%20400%20300%27%3E%3Crect%20width%3D%27400%27%20height%3D%27300%27%20fill-opacity%3D%220%22%2F%3E%3C%2Fsvg%3E" data-srcset="https://brekoverband.de/wp-content/uploads/2025/08/Banner-WEBINAR-400x300-3-200x150.png 200w, https://brekoverband.de/wp-content/uploads/2025/08/Banner-WEBINAR-400x300-3.png 400w" data-sizes="auto" data-orig-sizes="(max-width: 850px) 100vw, 400px" /></a></span></div></div></div></div></div><div class="fusion-fullwidth fullwidth-box fusion-builder-row-2 fusion-flex-container has-pattern-background has-mask-background nonhundred-percent-fullwidth non-hundred-percent-height-scrolling poli-container-mode-normal" style="--link_hover_color: var(--awb-color2);--link_color: var(--awb-color1);--awb-border-color:var(--awb-color1);--awb-border-radius-top-left:0px;--awb-border-radius-top-right:0px;--awb-border-radius-bottom-right:0px;--awb-border-radius-bottom-left:0px;--awb-padding-top:50px;--awb-background-color:var(--awb-color1);--awb-flex-wrap:wrap;" ><div class="fusion-builder-row fusion-row fusion-flex-align-items-flex-start fusion-flex-content-wrap" style="max-width:1372.8px;margin-left: calc(-4% / 2 );margin-right: calc(-4% / 2 );"><div class="fusion-layout-column fusion_builder_column fusion-builder-column-1 fusion_builder_column_1_1 1_1 fusion-flex-column" style="--awb-padding-top:50px;--awb-padding-right:60px;--awb-padding-bottom:50px;--awb-padding-left:80px;--awb-padding-top-small:30px;--awb-padding-right-small:30px;--awb-padding-bottom-small:30px;--awb-padding-left-small:30px;--awb-overflow:hidden;--awb-bg-color:var(--awb-color1);--awb-bg-color-hover:var(--awb-color1);--awb-bg-image:radial-gradient(circle at center center, #003b5c 0%,#01142a 100%);--awb-bg-size:cover;--awb-box-shadow:2px 2px 40px 0px hsla(var(--awb-color1-h),var(--awb-color1-s),var(--awb-color1-l),calc(var(--awb-color1-a) - 90%));;--awb-border-radius:10px 10px 10px 10px;--awb-width-large:100%;--awb-margin-top-large:-20px;--awb-spacing-right-large:1.92%;--awb-margin-bottom-large:0px;--awb-spacing-left-large:1.92%;--awb-width-medium:100%;--awb-order-medium:0;--awb-spacing-right-medium:1.92%;--awb-spacing-left-medium:1.92%;--awb-width-small:100%;--awb-order-small:0;--awb-spacing-right-small:1.92%;--awb-margin-bottom-small:40px;--awb-spacing-left-small:1.92%;" data-motion-effects="[{&quot;type&quot;:&quot;scroll&quot;,&quot;scroll_type&quot;:&quot;transition&quot;,&quot;scroll_direction&quot;:&quot;up&quot;,&quot;transition_speed&quot;:&quot;1&quot;,&quot;fade_type&quot;:&quot;in&quot;,&quot;scale_type&quot;:&quot;up&quot;,&quot;initial_scale&quot;:&quot;1&quot;,&quot;max_scale&quot;:&quot;1.5&quot;,&quot;min_scale&quot;:&quot;0.5&quot;,&quot;initial_rotate&quot;:&quot;0&quot;,&quot;end_rotate&quot;:&quot;30&quot;,&quot;initial_blur&quot;:&quot;0&quot;,&quot;end_blur&quot;:&quot;3&quot;,&quot;start_element&quot;:&quot;top&quot;,&quot;start_viewport&quot;:&quot;bottom&quot;,&quot;end_element&quot;:&quot;bottom&quot;,&quot;end_viewport&quot;:&quot;top&quot;,&quot;mouse_effect&quot;:&quot;track&quot;,&quot;mouse_effect_direction&quot;:&quot;opposite&quot;,&quot;mouse_effect_speed&quot;:&quot;2&quot;,&quot;infinite_animation&quot;:&quot;float&quot;,&quot;infinite_animation_speed&quot;:&quot;2&quot;}]" data-scroll-devices="medium-visibility,large-visibility"><div class="fusion-column-wrapper fusion-column-has-shadow fusion-flex-justify-content-flex-start fusion-content-layout-column"><div class="fusion-separator fusion-full-width-sep" style="align-self: center;margin-left: auto;margin-right: auto;width:100%;"></div><div class="fusion-text fusion-text-1" style="--awb-text-color:var(--awb-color1);"><p><strong>Die BREKO eG lädt Sie herzlich zum Live-Webinar &#8221; Barrierefrei kommunizieren &#8211; Videos jetzt BFSG-konform umsetzten&#8221; am  </strong><strong>17. September 2025 ein.</strong></p>
<p>Seit dem <strong>28. Juni 2025</strong> ist das <strong>Barrierefreiheitsstärkungsgesetz (BFSG)</strong> in Kraft. Es verpflichtet Sie als Netzbetreiber und Stadtwerke, <strong>digitale Inhalte</strong> – insbesondere <strong>eingebundene Videos</strong> auf Webseiten, Kundenportalen oder in Apps – <strong>barrierefrei</strong> bereitzustellen.</p>
<p>Das betrifft unter anderem folgende Anforderungen:</p>
<ul>
<li>Bereitstellung von <strong>Untertiteln</strong></li>
<li><strong>Audiobeschreibungen</strong> bzw. ergänzende Bildbeschreibungen</li>
<li><strong>Bedienbare Videoplayer</strong> nach WCAG-Standards</li>
<li>Verzicht auf <strong>Autoplay</strong> oder schwer steuerbare Formate</li>
</ul>
<p>Für Sie<strong> als Mitgliedsunternehmen des BREKO</strong> heißt das: Bereits veröffentlichte und künftig eingesetzte Videos – z. B. die beliebten <strong>BREKO White-Label Glasfaser-Erklärfilme</strong> – müssen diese Vorgaben erfüllen.</p>
<p>Im kompakten <strong>Live-Webinar</strong> zeigt die BREKO eG Ihnen in nur <strong>30 Minuten</strong>:</p>
<ul>
<li>Welche Anforderungen das BFSG konkret an Videos stellt</li>
<li>Wie Sie Ihre bestehenden Filme mit <strong>Transkripten, Untertiteln und Audiobeschreibungen</strong> unkompliziert nachrüsten können und unschöne Werbeunterbrechungen auf euren Videos vermeiden</li>
<li>Wie Sie mit dem neuen <strong>Ignite Webplayer &#8211; entwickelt und gehostet in Deutschland &#8211; </strong>als <strong>DSGVO- und BFSG-konforme</strong> Alternative zu Vimeo und YouTube technisch perfekt aufgestellt sind</li>
</ul>
</div><div class="fusion-separator fusion-full-width-sep" style="align-self: center;margin-left: auto;margin-right: auto;width:100%;"></div><a href="https://events.teams.microsoft.com/event/70d5aba7-88b2-4692-b918-edb42a39422c@4d4ceb52-0f1e-422a-b8f9-1a8930021ccd?id=14143&event=Live-Webinar%3A+Barrierefrei+kommunizieren+%E2%80%93+Videos+jetzt+BFSG-konform+umsetzen&info=17.+September+2025%2C+Online" class="registration_button awb-no-decoration https://events.teams.microsoft.com/event/70d5aba7-88b2-4692-b918-edb42a39422c@4d4ceb52-0f1e-422a-b8f9-1a8930021ccd" target="_blank">Register now</a></div></div></div></div></p>
