{"id":14175,"date":"2025-08-29T14:44:04","date_gmt":"2025-08-29T12:44:04","guid":{"rendered":"https:\/\/brekoverband.de\/?post_type=events&#038;p=14175"},"modified":"2025-10-01T13:36:11","modified_gmt":"2025-10-01T11:36:11","slug":"connected-germany-2025","status":"publish","type":"events","link":"https:\/\/brekoverband.de\/en\/events\/connected-germany-2025\/","title":{"rendered":"Connected Germany 2025"},"content":{"rendered":"<div class=\"fusion-fullwidth fullwidth-box fusion-builder-row-1 fusion-flex-container has-pattern-background has-mask-background nonhundred-percent-fullwidth non-hundred-percent-height-scrolling poli-container-mode-normal\" style=\"--awb-border-radius-top-left:0px;--awb-border-radius-top-right:0px;--awb-border-radius-bottom-right:0px;--awb-border-radius-bottom-left:0px;--awb-flex-wrap:wrap;\" ><div class=\"fusion-builder-row fusion-row fusion-flex-align-items-flex-start fusion-flex-justify-content-center fusion-flex-content-wrap\" style=\"max-width:1372.8px;margin-left: calc(-4% \/ 2 );margin-right: calc(-4% \/ 2 );\"><div class=\"fusion-layout-column fusion_builder_column fusion-builder-column-0 fusion_builder_column_4_5 4_5 fusion-flex-column\" style=\"--awb-bg-size:cover;--awb-width-large:80%;--awb-margin-top-large:0px;--awb-spacing-right-large:2.4%;--awb-margin-bottom-large:0px;--awb-spacing-left-large:2.4%;--awb-width-medium:80%;--awb-order-medium:0;--awb-spacing-right-medium:2.4%;--awb-spacing-left-medium:2.4%;--awb-width-small:100%;--awb-order-small:0;--awb-spacing-right-small:1.92%;--awb-spacing-left-small:1.92%;\"><div class=\"fusion-column-wrapper fusion-column-has-shadow fusion-flex-justify-content-flex-start fusion-content-layout-column\"><div class=\"fusion-image-element \" style=\"text-align:center;--awb-caption-title-font-family:var(--h2_typography-font-family);--awb-caption-title-font-weight:var(--h2_typography-font-weight);--awb-caption-title-font-style:var(--h2_typography-font-style);--awb-caption-title-size:var(--h2_typography-font-size);--awb-caption-title-transform:var(--h2_typography-text-transform);--awb-caption-title-line-height:var(--h2_typography-line-height);--awb-caption-title-letter-spacing:var(--h2_typography-letter-spacing);\"><span class=\" fusion-imageframe imageframe-none imageframe-1 hover-type-none\"><img decoding=\"async\" width=\"782\" height=\"313\" title=\"Banner CG 2025\" src=\"https:\/\/brekoverband.de\/wp-content\/uploads\/2025\/08\/Banner-CG-2025.jpg\" data-orig-src=\"https:\/\/brekoverband.de\/wp-content\/uploads\/2025\/08\/Banner-CG-2025.jpg\" alt class=\"lazyload img-responsive wp-image-14185\" srcset=\"data:image\/svg+xml,%3Csvg%20xmlns%3D%27http%3A%2F%2Fwww.w3.org%2F2000%2Fsvg%27%20width%3D%27782%27%20height%3D%27313%27%20viewBox%3D%270%200%20782%20313%27%3E%3Crect%20width%3D%27782%27%20height%3D%27313%27%20fill-opacity%3D%220%22%2F%3E%3C%2Fsvg%3E\" data-srcset=\"https:\/\/brekoverband.de\/wp-content\/uploads\/2025\/08\/Banner-CG-2025-200x80.jpg 200w, https:\/\/brekoverband.de\/wp-content\/uploads\/2025\/08\/Banner-CG-2025-400x160.jpg 400w, https:\/\/brekoverband.de\/wp-content\/uploads\/2025\/08\/Banner-CG-2025-600x240.jpg 600w, https:\/\/brekoverband.de\/wp-content\/uploads\/2025\/08\/Banner-CG-2025.jpg 782w\" data-sizes=\"auto\" data-orig-sizes=\"(max-width: 850px) 100vw, 782px\" \/><\/span><\/div><div class=\"fusion-separator fusion-no-medium-visibility fusion-full-width-sep\" style=\"align-self: center;margin-left: auto;margin-right: auto;width:100%;\"><\/div><div class=\"fusion-text fusion-text-1\"><h5><strong>Die Connected Germany 2025<\/strong> kehrt am 1<strong>8.\u201319. November in das MOC Event Center in M\u00fcnchen<\/strong> zur\u00fcck.<\/h5>\n<\/div><div class=\"fusion-text fusion-text-2\" style=\"--awb-font-size:var(--awb-typography3-font-size);--awb-line-height:var(--awb-typography3-line-height);--awb-letter-spacing:var(--awb-typography3-letter-spacing);--awb-text-transform:var(--awb-typography3-text-transform);--awb-text-font-family:var(--awb-typography3-font-family);--awb-text-font-weight:var(--awb-typography3-font-weight);--awb-text-font-style:var(--awb-typography3-font-style);\"><p>Mit 2.000 Branchenf\u00fchrern, 150 hochkar\u00e4tigen Referenten und 150 innovativen Ausstellern ist die Veranstaltung\u00a0 ein zentraler Treffpunkt in Deutschland f\u00fcr alles rund um digitale Wirtschaft und Konnektivit\u00e4t.<\/p>\n<p>An zwei intensiven Tagen erwarten Sie inspirierende Keynotes, spannende Paneldiskussionen und interaktive Workshops, die darauf ausgelegt sind, die Zukunft der digitalen Infrastruktur in Deutschland zu gestalten. Ob Entscheidungstr\u00e4ger aus Politik, Technologieanbieter oder Unternehmenslenker \u2013 hier gewinnen Sie wertvolle Einblicke und entdecken wegweisende L\u00f6sungen.<\/p>\n<p>Mit einem erweiterten Programm und noch mehr Networking-M\u00f6glichkeiten bietet die Connected Germany 2025 eine ideale Plattform, um neue Partnerschaften zu schlie\u00dfen, Ideen auszutauschen und Gesch\u00e4ftswachstum zu beschleunigen.<\/p>\n<p>Verpassen Sie nicht die Gelegenheit, Teil der dynamischen Community zu werden, die Deutschlands digitale Transformation vorantreibt.<\/p>\n<h5>Der BREKO ist als Partner auf der Veranstaltung vor Ort und wird verschieden Panels moderieren oder als Panel Teilnehmer mitdiskutieren.<\/h5>\n<h5><strong>Weitere Informationen zu unseren Speakern, die detaillierte Agenda sowie weitere wichtige Informationen rund um die Veranstaltung finden Sie<a href=\"https:\/\/www.terrapinn.com\/conference\/connected-germany\/agenda.stm\">\u00a0hier<\/a>\u00a0.<\/strong><\/h5>\n<\/div><a href=\"https:\/\/secure.terrapinn.com\/V5\/guest\/10934\/a06N2000006s6rNIAQ\/005N2000002jQ21?_gl=1*1vx1pjg*_up*MQ..*_ga*MTUyMTU4NTY3Mi4xNzU2NDY5ODI1*_ga_8ZVPFLKW76*czE3NTY0Njk4MjQkbzEkZzAkdDE3NTY0Njk4MjQkajYwJGwwJGgw?id=14175&event=Connected+Germany+2025&info=18.-+19.11.2025.+M%C3%BCnchen\" class=\"registration_button awb-no-decoration https:\/\/secure.terrapinn.com\/V5\/guest\/10934\/a06N2000006s6rNIAQ\/005N2000002jQ21?\" target=\"_blank\">Register now<\/a><div class=\"fusion-separator fusion-no-medium-visibility fusion-full-width-sep\" style=\"align-self: center;margin-left: auto;margin-right: auto;width:100%;\"><\/div><div class=\"fusion-image-element \" style=\"text-align:center;--awb-caption-title-font-family:var(--h2_typography-font-family);--awb-caption-title-font-weight:var(--h2_typography-font-weight);--awb-caption-title-font-style:var(--h2_typography-font-style);--awb-caption-title-size:var(--h2_typography-font-size);--awb-caption-title-transform:var(--h2_typography-text-transform);--awb-caption-title-line-height:var(--h2_typography-line-height);--awb-caption-title-letter-spacing:var(--h2_typography-letter-spacing);\"><span class=\" fusion-imageframe imageframe-none imageframe-2 hover-type-none\"><img decoding=\"async\" width=\"600\" height=\"175\" title=\"CG 2025 BREKO Newsletter-Banner\" src=\"https:\/\/brekoverband.de\/wp-content\/uploads\/2025\/08\/CG-2025-BREKO-Newsletter-Banner.png\" data-orig-src=\"https:\/\/brekoverband.de\/wp-content\/uploads\/2025\/08\/CG-2025-BREKO-Newsletter-Banner.png\" alt class=\"lazyload img-responsive wp-image-14687\" srcset=\"data:image\/svg+xml,%3Csvg%20xmlns%3D%27http%3A%2F%2Fwww.w3.org%2F2000%2Fsvg%27%20width%3D%27600%27%20height%3D%27175%27%20viewBox%3D%270%200%20600%20175%27%3E%3Crect%20width%3D%27600%27%20height%3D%27175%27%20fill-opacity%3D%220%22%2F%3E%3C%2Fsvg%3E\" data-srcset=\"https:\/\/brekoverband.de\/wp-content\/uploads\/2025\/08\/CG-2025-BREKO-Newsletter-Banner-200x58.png 200w, https:\/\/brekoverband.de\/wp-content\/uploads\/2025\/08\/CG-2025-BREKO-Newsletter-Banner-400x117.png 400w, https:\/\/brekoverband.de\/wp-content\/uploads\/2025\/08\/CG-2025-BREKO-Newsletter-Banner.png 600w\" data-sizes=\"auto\" data-orig-sizes=\"(max-width: 850px) 100vw, 600px\" \/><\/span><\/div><div class=\"fusion-separator fusion-no-medium-visibility fusion-full-width-sep\" style=\"align-self: center;margin-left: auto;margin-right: auto;width:100%;\"><\/div><\/div><\/div><\/div><\/div>\n","protected":false},"featured_media":14683,"template":"","meta":{"_acf_changed":false},"event_category":[50],"class_list":["post-14175","events","type-events","status-publish","has-post-thumbnail","hentry","event_category-partner-events"],"acf":[],"_links":{"self":[{"href":"https:\/\/brekoverband.de\/en\/wp-json\/wp\/v2\/events\/14175","targetHints":{"allow":["GET"]}}],"collection":[{"href":"https:\/\/brekoverband.de\/en\/wp-json\/wp\/v2\/events"}],"about":[{"href":"https:\/\/brekoverband.de\/en\/wp-json\/wp\/v2\/types\/events"}],"wp:featuredmedia":[{"embeddable":true,"href":"https:\/\/brekoverband.de\/en\/wp-json\/wp\/v2\/media\/14683"}],"wp:attachment":[{"href":"https:\/\/brekoverband.de\/en\/wp-json\/wp\/v2\/media?parent=14175"}],"wp:term":[{"taxonomy":"event_category","embeddable":true,"href":"https:\/\/brekoverband.de\/en\/wp-json\/wp\/v2\/event_category?post=14175"}],"curies":[{"name":"wp","href":"https:\/\/api.w.org\/{rel}","templated":true}]}}

<div class="fusion-fullwidth fullwidth-box fusion-builder-row-1 fusion-flex-container has-pattern-background has-mask-background nonhundred-percent-fullwidth non-hundred-percent-height-scrolling poli-container-mode-normal" style="--awb-border-radius-top-left:0px;--awb-border-radius-top-right:0px;--awb-border-radius-bottom-right:0px;--awb-border-radius-bottom-left:0px;--awb-flex-wrap:wrap;" ><div class="fusion-builder-row fusion-row fusion-flex-align-items-flex-start fusion-flex-justify-content-center fusion-flex-content-wrap" style="max-width:1372.8px;margin-left: calc(-4% / 2 );margin-right: calc(-4% / 2 );"><div class="fusion-layout-column fusion_builder_column fusion-builder-column-0 fusion_builder_column_4_5 4_5 fusion-flex-column" style="--awb-bg-size:cover;--awb-width-large:80%;--awb-margin-top-large:0px;--awb-spacing-right-large:2.4%;--awb-margin-bottom-large:0px;--awb-spacing-left-large:2.4%;--awb-width-medium:80%;--awb-order-medium:0;--awb-spacing-right-medium:2.4%;--awb-spacing-left-medium:2.4%;--awb-width-small:100%;--awb-order-small:0;--awb-spacing-right-small:1.92%;--awb-spacing-left-small:1.92%;"><div class="fusion-column-wrapper fusion-column-has-shadow fusion-flex-justify-content-flex-start fusion-content-layout-column"><div class="fusion-image-element " style="text-align:center;--awb-caption-title-font-family:var(--h2_typography-font-family);--awb-caption-title-font-weight:var(--h2_typography-font-weight);--awb-caption-title-font-style:var(--h2_typography-font-style);--awb-caption-title-size:var(--h2_typography-font-size);--awb-caption-title-transform:var(--h2_typography-text-transform);--awb-caption-title-line-height:var(--h2_typography-line-height);--awb-caption-title-letter-spacing:var(--h2_typography-letter-spacing);"><span class=" fusion-imageframe imageframe-none imageframe-1 hover-type-none"><img decoding="async" width="782" height="313" title="Banner CG 2025" src="https://brekoverband.de/wp-content/uploads/2025/08/Banner-CG-2025.jpg" data-orig-src="https://brekoverband.de/wp-content/uploads/2025/08/Banner-CG-2025.jpg" alt class="lazyload img-responsive wp-image-14185" srcset="data:image/svg+xml,%3Csvg%20xmlns%3D%27http%3A%2F%2Fwww.w3.org%2F2000%2Fsvg%27%20width%3D%27782%27%20height%3D%27313%27%20viewBox%3D%270%200%20782%20313%27%3E%3Crect%20width%3D%27782%27%20height%3D%27313%27%20fill-opacity%3D%220%22%2F%3E%3C%2Fsvg%3E" data-srcset="https://brekoverband.de/wp-content/uploads/2025/08/Banner-CG-2025-200x80.jpg 200w, https://brekoverband.de/wp-content/uploads/2025/08/Banner-CG-2025-400x160.jpg 400w, https://brekoverband.de/wp-content/uploads/2025/08/Banner-CG-2025-600x240.jpg 600w, https://brekoverband.de/wp-content/uploads/2025/08/Banner-CG-2025.jpg 782w" data-sizes="auto" data-orig-sizes="(max-width: 850px) 100vw, 782px" /></span></div><div class="fusion-separator fusion-no-medium-visibility fusion-full-width-sep" style="align-self: center;margin-left: auto;margin-right: auto;width:100%;"></div><div class="fusion-text fusion-text-1"><h5><strong>Die Connected Germany 2025</strong> kehrt am 1<strong>8.–19. November in das MOC Event Center in München</strong> zurück.</h5>
</div><div class="fusion-text fusion-text-2" style="--awb-font-size:var(--awb-typography3-font-size);--awb-line-height:var(--awb-typography3-line-height);--awb-letter-spacing:var(--awb-typography3-letter-spacing);--awb-text-transform:var(--awb-typography3-text-transform);--awb-text-font-family:var(--awb-typography3-font-family);--awb-text-font-weight:var(--awb-typography3-font-weight);--awb-text-font-style:var(--awb-typography3-font-style);"><p>Mit 2.000 Branchenführern, 150 hochkarätigen Referenten und 150 innovativen Ausstellern ist die Veranstaltung  ein zentraler Treffpunkt in Deutschland für alles rund um digitale Wirtschaft und Konnektivität.</p>
<p>An zwei intensiven Tagen erwarten Sie inspirierende Keynotes, spannende Paneldiskussionen und interaktive Workshops, die darauf ausgelegt sind, die Zukunft der digitalen Infrastruktur in Deutschland zu gestalten. Ob Entscheidungsträger aus Politik, Technologieanbieter oder Unternehmenslenker – hier gewinnen Sie wertvolle Einblicke und entdecken wegweisende Lösungen.</p>
<p>Mit einem erweiterten Programm und noch mehr Networking-Möglichkeiten bietet die Connected Germany 2025 eine ideale Plattform, um neue Partnerschaften zu schließen, Ideen auszutauschen und Geschäftswachstum zu beschleunigen.</p>
<p>Verpassen Sie nicht die Gelegenheit, Teil der dynamischen Community zu werden, die Deutschlands digitale Transformation vorantreibt.</p>
<h5>Der BREKO ist als Partner auf der Veranstaltung vor Ort und wird verschieden Panels moderieren oder als Panel Teilnehmer mitdiskutieren.</h5>
<h5><strong>Weitere Informationen zu unseren Speakern, die detaillierte Agenda sowie weitere wichtige Informationen rund um die Veranstaltung finden Sie<a href="https://www.terrapinn.com/conference/connected-germany/agenda.stm"> hier</a> .</strong></h5>
</div><a href="https://secure.terrapinn.com/V5/guest/10934/a06N2000006s6rNIAQ/005N2000002jQ21?_gl=1*1vx1pjg*_up*MQ..*_ga*MTUyMTU4NTY3Mi4xNzU2NDY5ODI1*_ga_8ZVPFLKW76*czE3NTY0Njk4MjQkbzEkZzAkdDE3NTY0Njk4MjQkajYwJGwwJGgw?id=14175&event=Connected+Germany+2025&info=18.-+19.11.2025.+M%C3%BCnchen" class="registration_button awb-no-decoration https://secure.terrapinn.com/V5/guest/10934/a06N2000006s6rNIAQ/005N2000002jQ21?" target="_blank">Register now</a><div class="fusion-separator fusion-no-medium-visibility fusion-full-width-sep" style="align-self: center;margin-left: auto;margin-right: auto;width:100%;"></div><div class="fusion-image-element " style="text-align:center;--awb-caption-title-font-family:var(--h2_typography-font-family);--awb-caption-title-font-weight:var(--h2_typography-font-weight);--awb-caption-title-font-style:var(--h2_typography-font-style);--awb-caption-title-size:var(--h2_typography-font-size);--awb-caption-title-transform:var(--h2_typography-text-transform);--awb-caption-title-line-height:var(--h2_typography-line-height);--awb-caption-title-letter-spacing:var(--h2_typography-letter-spacing);"><span class=" fusion-imageframe imageframe-none imageframe-2 hover-type-none"><img decoding="async" width="600" height="175" title="CG 2025 BREKO Newsletter-Banner" src="https://brekoverband.de/wp-content/uploads/2025/08/CG-2025-BREKO-Newsletter-Banner.png" data-orig-src="https://brekoverband.de/wp-content/uploads/2025/08/CG-2025-BREKO-Newsletter-Banner.png" alt class="lazyload img-responsive wp-image-14687" srcset="data:image/svg+xml,%3Csvg%20xmlns%3D%27http%3A%2F%2Fwww.w3.org%2F2000%2Fsvg%27%20width%3D%27600%27%20height%3D%27175%27%20viewBox%3D%270%200%20600%20175%27%3E%3Crect%20width%3D%27600%27%20height%3D%27175%27%20fill-opacity%3D%220%22%2F%3E%3C%2Fsvg%3E" data-srcset="https://brekoverband.de/wp-content/uploads/2025/08/CG-2025-BREKO-Newsletter-Banner-200x58.png 200w, https://brekoverband.de/wp-content/uploads/2025/08/CG-2025-BREKO-Newsletter-Banner-400x117.png 400w, https://brekoverband.de/wp-content/uploads/2025/08/CG-2025-BREKO-Newsletter-Banner.png 600w" data-sizes="auto" data-orig-sizes="(max-width: 850px) 100vw, 600px" /></span></div><div class="fusion-separator fusion-no-medium-visibility fusion-full-width-sep" style="align-self: center;margin-left: auto;margin-right: auto;width:100%;"></div></div></div></div></div>
