{"id":14251,"date":"2025-09-04T12:19:07","date_gmt":"2025-09-04T10:19:07","guid":{"rendered":"https:\/\/brekoverband.de\/?post_type=events&#038;p=14251"},"modified":"2025-09-18T12:23:06","modified_gmt":"2025-09-18T10:23:06","slug":"14251","status":"publish","type":"events","link":"https:\/\/brekoverband.de\/en\/events\/14251\/","title":{"rendered":"Glasfaserforum Sachsen"},"content":{"rendered":"<div class=\"fusion-fullwidth fullwidth-box fusion-builder-row-1 fusion-flex-container has-pattern-background has-mask-background nonhundred-percent-fullwidth non-hundred-percent-height-scrolling poli-container-mode-normal\" style=\"--awb-border-radius-top-left:0px;--awb-border-radius-top-right:0px;--awb-border-radius-bottom-right:0px;--awb-border-radius-bottom-left:0px;--awb-flex-wrap:wrap;\" ><div class=\"fusion-builder-row fusion-row fusion-flex-align-items-flex-start fusion-flex-justify-content-center fusion-flex-content-wrap\" style=\"max-width:1372.8px;margin-left: calc(-4% \/ 2 );margin-right: calc(-4% \/ 2 );\"><div class=\"fusion-layout-column fusion_builder_column fusion-builder-column-0 fusion_builder_column_4_5 4_5 fusion-flex-column\" style=\"--awb-bg-size:cover;--awb-width-large:80%;--awb-margin-top-large:0px;--awb-spacing-right-large:2.4%;--awb-margin-bottom-large:0px;--awb-spacing-left-large:2.4%;--awb-width-medium:80%;--awb-order-medium:0;--awb-spacing-right-medium:2.4%;--awb-spacing-left-medium:2.4%;--awb-width-small:100%;--awb-order-small:0;--awb-spacing-right-small:1.92%;--awb-spacing-left-small:1.92%;\" data-scroll-devices=\"small-visibility,medium-visibility,large-visibility\"><div class=\"fusion-column-wrapper fusion-column-has-shadow fusion-flex-justify-content-flex-start fusion-content-layout-column\"><div class=\"fusion-text fusion-text-1 fusion-text-no-margin\" style=\"--awb-margin-bottom:60px;\"><p>Am 24. September ist es wieder so weit: Das Glasfaserforum Sachsen geht in die n\u00e4chste Runde!<\/p>\n<p>In Zusammenarbeit des BREKO mit der Messe Leipzig, envia TEL und TELE AG k\u00f6nnen Sie sich auch dieses Jahr auf ein spannendes Programm freuen. Verfolgen Sie nach der Keynote durch Staatsminister Dirk Panter eine Podiumsdiskussion zwischen Netzbetreibern, Wohnungswirtschaft, Verbraucherschutz, kommunalen Spitzen und Gigabitb\u00fcro des Bundes.<\/p>\n<p>Es erwarten Sie au\u00dferdem eine Vielzahl von Fachvortr\u00e4gen und M\u00f6glichkeiten zum Networking mit Vertreter:innen aus der Wirtschaft, Verwaltung und Politik.<\/p>\n<p>Melden Sie sich jetzt an und sichern Sie sich einen der begrenzten Pl\u00e4tze. Mit dem Code <strong>NTZON25BREKO<\/strong> erhalten Sie ein kostenloses Ticket.<\/p>\n<\/div><div ><a class=\"fusion-button button-flat fusion-button-default-size button-default fusion-button-default button-1 fusion-button-default-span fusion-button-default-type\" target=\"_self\" href=\"https:\/\/www.netze-on.de\/de\/besuchen\/tickets-preise\/\"><span class=\"fusion-button-text awb-button__text awb-button__text--default\">Zur Anmeldung<\/span><\/a><\/div><div class=\"fusion-separator fusion-full-width-sep\" style=\"align-self: center;margin-left: auto;margin-right: auto;margin-top:50px;width:100%;\"><\/div><div class=\"fusion-text fusion-text-2\"><h2>Agenda<\/h2>\n<\/div>\n<div class=\"table-1\">\n<table width=\"100%\">\n<thead>\n<tr>\n<th align=\"left\">Uhrzeit<\/th>\n<th align=\"left\">Programm<\/th>\n<\/tr>\n<\/thead>\n<tbody>\n<tr>\n<td align=\"left\"><span data-olk-copy-source=\"MessageBody\">09:00 \u2013 09:30<\/span><\/td>\n<td align=\"left\"><b data-olk-copy-source=\"MessageBody\">Registrierung und Fr\u00fchst\u00fccksempfang<\/b><\/td>\n<\/tr>\n<tr>\n<td align=\"left\"><span data-olk-copy-source=\"MessageBody\">09:30 \u2013 09:45<\/span><\/td>\n<td align=\"left\">\n<p class=\"x_MsoNormal\"><b data-olk-copy-source=\"MessageBody\">Er\u00f6ffnung der Veranstaltung<\/b><\/p>\n<p class=\"x_MsoNormal\"><span data-olk-copy-source=\"MessageBody\"><strong>Markus Geisenberger<\/strong>, Gesch\u00e4ftsf\u00fchrer Messe Leipzig<br \/>\n<\/span><strong>Jens Schaller<\/strong>, Gesch\u00e4ftsf\u00fchrer SachsenGigaBit, Landesgruppensprecher Sachsen BREKO<\/p>\n<\/td>\n<\/tr>\n<tr>\n<td align=\"left\"><span data-olk-copy-source=\"MessageBody\">09:45 \u2013 09:55<\/span><\/td>\n<td align=\"left\">\n<p class=\"x_MsoNormal\"><b data-olk-copy-source=\"MessageBody\">Gru\u00dfwort des Staatsministers<\/b><\/p>\n<p class=\"x_MsoNormal\"><strong>Staatsminister Dirk Panter<\/strong> (S\u00e4chsisches Ministerium f\u00fcr Wirtschaft, Arbeit, Energie und Klimaschutz)<\/p>\n<p class=\"x_MsoNormal\">\n<\/td>\n<\/tr>\n<tr>\n<td align=\"left\"><span data-olk-copy-source=\"MessageBody\">09:55 \u2013 11:15<\/span><\/td>\n<td align=\"left\">\n<p class=\"x_MsoNormal\"><b data-olk-copy-source=\"MessageBody\">Podiumsdiskussion: Glasfaser \u2013 Wof\u00fcr brauchen wir das?<\/b><\/p>\n<p class=\"x_MsoNormal\"><strong>Simon Japs<\/strong>, Referent Deutscher St\u00e4dtetag<br \/>\n<strong>Stephan Drescher<\/strong>, Gesch\u00e4ftsf\u00fchrer envia TEL, BREKO Vorstand<br \/>\n<strong>Falk Assel<\/strong>, Gesch\u00e4ftsf\u00fchrer TELE AG<br \/>\n<strong>Sven Butler<\/strong>, Leiter Gigabitb\u00fcro des Bundes<br \/>\n<strong>Michael Hummel<\/strong>, <span data-olk-copy-source=\"MessageBody\">stellv. Vorstand Verbraucherzentrale Sachsen<\/span><br \/>\n<strong>Alexander M\u00fcller<\/strong>, Verbandsdirektor vdw Sachsen<\/p>\n<\/td>\n<\/tr>\n<tr>\n<td align=\"left\"><span data-olk-copy-source=\"MessageBody\">11:15 \u2013 11:45<\/span><\/td>\n<td align=\"left\">\n<p class=\"x_MsoNormal\"><b data-olk-copy-source=\"MessageBody\">Generationenwechsel in der Endkundenkommunikation<\/b><\/p>\n<p class=\"x_MsoNormal\"><strong>Pascal Germanus<\/strong>, Leiter Vertrieb &amp; Marketing TELE AG<\/p>\n<\/td>\n<\/tr>\n<tr>\n<td align=\"left\"><span data-olk-copy-source=\"MessageBody\">11:45 \u2013 12:15<\/span><\/td>\n<td align=\"left\"><span data-olk-copy-source=\"MessageBody\"><strong>Glasfaser meets IT Sicherheit und Konnektivit\u00e4t im Datacenter Leipzig und Hannover (inkl. virtueller Rundgang)<\/strong><\/span><\/p>\n<p><span data-olk-copy-source=\"MessageBody\">envia TEL<br \/>\n<\/span><\/td>\n<\/tr>\n<tr>\n<td align=\"left\"><span data-olk-copy-source=\"MessageBody\">12:15 \u2013 13:15<\/span><\/td>\n<td align=\"left\">\n<p class=\"x_MsoNormal\"><b data-olk-copy-source=\"MessageBody\">Networking Lunch<\/b><\/p>\n<\/td>\n<\/tr>\n<tr>\n<td align=\"left\"><span data-olk-copy-source=\"MessageBody\">13:15 \u2013 13:30<\/span><\/td>\n<td align=\"left\"><strong>Datenschutzkonforme KI aus der MIT-Cloud<\/strong><\/p>\n<p><span data-olk-copy-source=\"MessageBody\"><strong>Martin Flechsig<\/strong>, Gesch\u00e4ftsf\u00fchrer mitteldeutsche IT<\/span><\/td>\n<\/tr>\n<tr>\n<td align=\"left\"><span data-olk-copy-source=\"MessageBody\">13:30 \u2013 14:05<\/span><\/td>\n<td align=\"left\">\n<p class=\"x_MsoNormal\"><b data-olk-copy-source=\"MessageBody\">ShortCuts: 10 Minuten Dienstleistung erleben<\/b><\/p>\n<p class=\"x_MsoNormal\"><b>Effektiver und kosteng\u00fcnstiger Ausbau<br \/>\n<\/b><strong>Daniel von Nessen<\/strong>, technischer Vertrieb Opternus<\/p>\n<p class=\"x_MsoNormal\"><b>NE4: Qualit\u00e4tsversprechen &amp; Open Access durch den digitalen<br \/>\n<\/b><strong>Zwilling<\/strong>, Gert Reuther\u00a0TKI<\/p>\n<p><b data-olk-copy-source=\"MessageBody\">Update NE4<br \/>\n<\/b>Dominik Kreutzberg, Klaus Faber AG<\/td>\n<\/tr>\n<tr>\n<td align=\"left\"><span data-olk-copy-source=\"MessageBody\">14:05 \u2013 14:20<\/span><\/td>\n<td align=\"left\"><strong>Politik und Wirtschaft: Wie gelingt gemeinsam der fl\u00e4chendeckende Glasfaserausbau in Sachsen?<\/strong><\/p>\n<p><span data-olk-copy-source=\"MessageBody\"><strong>Uwe Rettner<\/strong>, Senior Manager kommunale Kooperationen Deutsche Glasfaser<\/span><\/td>\n<\/tr>\n<tr>\n<td align=\"left\"><span data-olk-copy-source=\"MessageBody\">14:20 \u2013 14:35<\/span><\/td>\n<td align=\"left\"><strong>Erfolgreiche B\u00fcrgerkommunikation des Bundes<\/strong><\/p>\n<p><strong>Sven\u00a0Butler<\/strong>, Leiter Gigabitb\u00fcro des Bundes<\/td>\n<\/tr>\n<tr>\n<td align=\"left\"><span data-olk-copy-source=\"MessageBody\">14:35 \u2013 14:50<\/span><\/td>\n<td align=\"left\"><strong>IoT am Beispiel Dresdens<\/strong><\/p>\n<p><span data-olk-copy-source=\"MessageBody\"><strong>Lucas Neumann<\/strong>, Produktmanager SachsenGigabit<\/span><\/td>\n<\/tr>\n<tr>\n<td align=\"left\"><span data-olk-copy-source=\"MessageBody\">14:50 \u2013 15:00<\/span><\/td>\n<td align=\"left\"><strong>Fazit und Ende<\/strong><\/p>\n<p><span data-olk-copy-source=\"MessageBody\">Oliver Ulke (BREKO)<\/span><\/td>\n<\/tr>\n<\/tbody>\n<\/table>\n<\/div>\n<\/div><\/div><\/div><\/div>\n","protected":false},"featured_media":14252,"template":"","meta":{"_acf_changed":false},"event_category":[47],"class_list":["post-14251","events","type-events","status-publish","has-post-thumbnail","hentry","event_category-breko-events"],"acf":[],"_links":{"self":[{"href":"https:\/\/brekoverband.de\/en\/wp-json\/wp\/v2\/events\/14251","targetHints":{"allow":["GET"]}}],"collection":[{"href":"https:\/\/brekoverband.de\/en\/wp-json\/wp\/v2\/events"}],"about":[{"href":"https:\/\/brekoverband.de\/en\/wp-json\/wp\/v2\/types\/events"}],"wp:featuredmedia":[{"embeddable":true,"href":"https:\/\/brekoverband.de\/en\/wp-json\/wp\/v2\/media\/14252"}],"wp:attachment":[{"href":"https:\/\/brekoverband.de\/en\/wp-json\/wp\/v2\/media?parent=14251"}],"wp:term":[{"taxonomy":"event_category","embeddable":true,"href":"https:\/\/brekoverband.de\/en\/wp-json\/wp\/v2\/event_category?post=14251"}],"curies":[{"name":"wp","href":"https:\/\/api.w.org\/{rel}","templated":true}]}}

<div class="fusion-fullwidth fullwidth-box fusion-builder-row-1 fusion-flex-container has-pattern-background has-mask-background nonhundred-percent-fullwidth non-hundred-percent-height-scrolling poli-container-mode-normal" style="--awb-border-radius-top-left:0px;--awb-border-radius-top-right:0px;--awb-border-radius-bottom-right:0px;--awb-border-radius-bottom-left:0px;--awb-flex-wrap:wrap;" ><div class="fusion-builder-row fusion-row fusion-flex-align-items-flex-start fusion-flex-justify-content-center fusion-flex-content-wrap" style="max-width:1372.8px;margin-left: calc(-4% / 2 );margin-right: calc(-4% / 2 );"><div class="fusion-layout-column fusion_builder_column fusion-builder-column-0 fusion_builder_column_4_5 4_5 fusion-flex-column" style="--awb-bg-size:cover;--awb-width-large:80%;--awb-margin-top-large:0px;--awb-spacing-right-large:2.4%;--awb-margin-bottom-large:0px;--awb-spacing-left-large:2.4%;--awb-width-medium:80%;--awb-order-medium:0;--awb-spacing-right-medium:2.4%;--awb-spacing-left-medium:2.4%;--awb-width-small:100%;--awb-order-small:0;--awb-spacing-right-small:1.92%;--awb-spacing-left-small:1.92%;" data-scroll-devices="small-visibility,medium-visibility,large-visibility"><div class="fusion-column-wrapper fusion-column-has-shadow fusion-flex-justify-content-flex-start fusion-content-layout-column"><div class="fusion-text fusion-text-1 fusion-text-no-margin" style="--awb-margin-bottom:60px;"><p>Am 24. September ist es wieder so weit: Das Glasfaserforum Sachsen geht in die nächste Runde!</p>
<p>In Zusammenarbeit des BREKO mit der Messe Leipzig, envia TEL und TELE AG können Sie sich auch dieses Jahr auf ein spannendes Programm freuen. Verfolgen Sie nach der Keynote durch Staatsminister Dirk Panter eine Podiumsdiskussion zwischen Netzbetreibern, Wohnungswirtschaft, Verbraucherschutz, kommunalen Spitzen und Gigabitbüro des Bundes.</p>
<p>Es erwarten Sie außerdem eine Vielzahl von Fachvorträgen und Möglichkeiten zum Networking mit Vertreter:innen aus der Wirtschaft, Verwaltung und Politik.</p>
<p>Melden Sie sich jetzt an und sichern Sie sich einen der begrenzten Plätze. Mit dem Code <strong>NTZON25BREKO</strong> erhalten Sie ein kostenloses Ticket.</p>
</div><div ><a class="fusion-button button-flat fusion-button-default-size button-default fusion-button-default button-1 fusion-button-default-span fusion-button-default-type" target="_self" href="https://www.netze-on.de/de/besuchen/tickets-preise/"><span class="fusion-button-text awb-button__text awb-button__text--default">Zur Anmeldung</span></a></div><div class="fusion-separator fusion-full-width-sep" style="align-self: center;margin-left: auto;margin-right: auto;margin-top:50px;width:100%;"></div><div class="fusion-text fusion-text-2"><h2>Agenda</h2>
</div>
<div class="table-1">
<table width="100%">
<thead>
<tr>
<th align="left">Uhrzeit</th>
<th align="left">Programm</th>
</tr>
</thead>
<tbody>
<tr>
<td align="left"><span data-olk-copy-source="MessageBody">09:00 – 09:30</span></td>
<td align="left"><b data-olk-copy-source="MessageBody">Registrierung und Frühstücksempfang</b></td>
</tr>
<tr>
<td align="left"><span data-olk-copy-source="MessageBody">09:30 – 09:45</span></td>
<td align="left">
<p class="x_MsoNormal"><b data-olk-copy-source="MessageBody">Eröffnung der Veranstaltung</b></p>
<p class="x_MsoNormal"><span data-olk-copy-source="MessageBody"><strong>Markus Geisenberger</strong>, Geschäftsführer Messe Leipzig<br />
</span><strong>Jens Schaller</strong>, Geschäftsführer SachsenGigaBit, Landesgruppensprecher Sachsen BREKO</p>
</td>
</tr>
<tr>
<td align="left"><span data-olk-copy-source="MessageBody">09:45 – 09:55</span></td>
<td align="left">
<p class="x_MsoNormal"><b data-olk-copy-source="MessageBody">Grußwort des Staatsministers</b></p>
<p class="x_MsoNormal"><strong>Staatsminister Dirk Panter</strong> (Sächsisches Ministerium für Wirtschaft, Arbeit, Energie und Klimaschutz)</p>
<p class="x_MsoNormal">
</td>
</tr>
<tr>
<td align="left"><span data-olk-copy-source="MessageBody">09:55 – 11:15</span></td>
<td align="left">
<p class="x_MsoNormal"><b data-olk-copy-source="MessageBody">Podiumsdiskussion: Glasfaser – Wofür brauchen wir das?</b></p>
<p class="x_MsoNormal"><strong>Simon Japs</strong>, Referent Deutscher Städtetag<br />
<strong>Stephan Drescher</strong>, Geschäftsführer envia TEL, BREKO Vorstand<br />
<strong>Falk Assel</strong>, Geschäftsführer TELE AG<br />
<strong>Sven Butler</strong>, Leiter Gigabitbüro des Bundes<br />
<strong>Michael Hummel</strong>, <span data-olk-copy-source="MessageBody">stellv. Vorstand Verbraucherzentrale Sachsen</span><br />
<strong>Alexander Müller</strong>, Verbandsdirektor vdw Sachsen</p>
</td>
</tr>
<tr>
<td align="left"><span data-olk-copy-source="MessageBody">11:15 – 11:45</span></td>
<td align="left">
<p class="x_MsoNormal"><b data-olk-copy-source="MessageBody">Generationenwechsel in der Endkundenkommunikation</b></p>
<p class="x_MsoNormal"><strong>Pascal Germanus</strong>, Leiter Vertrieb &amp; Marketing TELE AG</p>
</td>
</tr>
<tr>
<td align="left"><span data-olk-copy-source="MessageBody">11:45 – 12:15</span></td>
<td align="left"><span data-olk-copy-source="MessageBody"><strong>Glasfaser meets IT Sicherheit und Konnektivität im Datacenter Leipzig und Hannover (inkl. virtueller Rundgang)</strong></span></p>
<p><span data-olk-copy-source="MessageBody">envia TEL<br />
</span></td>
</tr>
<tr>
<td align="left"><span data-olk-copy-source="MessageBody">12:15 – 13:15</span></td>
<td align="left">
<p class="x_MsoNormal"><b data-olk-copy-source="MessageBody">Networking Lunch</b></p>
</td>
</tr>
<tr>
<td align="left"><span data-olk-copy-source="MessageBody">13:15 – 13:30</span></td>
<td align="left"><strong>Datenschutzkonforme KI aus der MIT-Cloud</strong></p>
<p><span data-olk-copy-source="MessageBody"><strong>Martin Flechsig</strong>, Geschäftsführer mitteldeutsche IT</span></td>
</tr>
<tr>
<td align="left"><span data-olk-copy-source="MessageBody">13:30 – 14:05</span></td>
<td align="left">
<p class="x_MsoNormal"><b data-olk-copy-source="MessageBody">ShortCuts: 10 Minuten Dienstleistung erleben</b></p>
<p class="x_MsoNormal"><b>Effektiver und kostengünstiger Ausbau<br />
</b><strong>Daniel von Nessen</strong>, technischer Vertrieb Opternus</p>
<p class="x_MsoNormal"><b>NE4: Qualitätsversprechen &amp; Open Access durch den digitalen<br />
</b><strong>Zwilling</strong>, Gert Reuther TKI</p>
<p><b data-olk-copy-source="MessageBody">Update NE4<br />
</b>Dominik Kreutzberg, Klaus Faber AG</td>
</tr>
<tr>
<td align="left"><span data-olk-copy-source="MessageBody">14:05 – 14:20</span></td>
<td align="left"><strong>Politik und Wirtschaft: Wie gelingt gemeinsam der flächendeckende Glasfaserausbau in Sachsen?</strong></p>
<p><span data-olk-copy-source="MessageBody"><strong>Uwe Rettner</strong>, Senior Manager kommunale Kooperationen Deutsche Glasfaser</span></td>
</tr>
<tr>
<td align="left"><span data-olk-copy-source="MessageBody">14:20 – 14:35</span></td>
<td align="left"><strong>Erfolgreiche Bürgerkommunikation des Bundes</strong></p>
<p><strong>Sven Butler</strong>, Leiter Gigabitbüro des Bundes</td>
</tr>
<tr>
<td align="left"><span data-olk-copy-source="MessageBody">14:35 – 14:50</span></td>
<td align="left"><strong>IoT am Beispiel Dresdens</strong></p>
<p><span data-olk-copy-source="MessageBody"><strong>Lucas Neumann</strong>, Produktmanager SachsenGigabit</span></td>
</tr>
<tr>
<td align="left"><span data-olk-copy-source="MessageBody">14:50 – 15:00</span></td>
<td align="left"><strong>Fazit und Ende</strong></p>
<p><span data-olk-copy-source="MessageBody">Oliver Ulke (BREKO)</span></td>
</tr>
</tbody>
</table>
</div>
</div></div></div></div>
