{"id":15453,"date":"2025-11-17T15:09:14","date_gmt":"2025-11-17T14:09:14","guid":{"rendered":"https:\/\/brekoverband.de\/?post_type=events&#038;p=15453"},"modified":"2025-11-17T15:09:14","modified_gmt":"2025-11-17T14:09:14","slug":"breko-product-innovation-talk-5","status":"publish","type":"events","link":"https:\/\/brekoverband.de\/en\/events\/breko-product-innovation-talk-5\/","title":{"rendered":"BREKO Product Innovation TALK"},"content":{"rendered":"<p><div class=\"fusion-fullwidth fullwidth-box fusion-builder-row-1 fusion-flex-container has-pattern-background has-mask-background nonhundred-percent-fullwidth non-hundred-percent-height-scrolling poli-container-mode-normal\" style=\"--awb-border-radius-top-left:0px;--awb-border-radius-top-right:0px;--awb-border-radius-bottom-right:0px;--awb-border-radius-bottom-left:0px;--awb-flex-wrap:wrap;\" ><div class=\"fusion-builder-row fusion-row fusion-flex-align-items-center fusion-flex-justify-content-center fusion-flex-content-wrap\" style=\"max-width:1372.8px;margin-left: calc(-4% \/ 2 );margin-right: calc(-4% \/ 2 );\"><div class=\"fusion-layout-column fusion_builder_column fusion-builder-column-0 fusion_builder_column_2_5 2_5 fusion-flex-column\" style=\"--awb-bg-size:cover;--awb-width-large:40%;--awb-margin-top-large:0px;--awb-spacing-right-large:4.8%;--awb-margin-bottom-large:0px;--awb-spacing-left-large:4.8%;--awb-width-medium:40%;--awb-order-medium:0;--awb-spacing-right-medium:4.8%;--awb-spacing-left-medium:4.8%;--awb-width-small:100%;--awb-order-small:0;--awb-spacing-right-small:1.92%;--awb-spacing-left-small:1.92%;\"><div class=\"fusion-column-wrapper fusion-column-has-shadow fusion-flex-justify-content-flex-start fusion-content-layout-column\"><div class=\"fusion-image-element \" style=\"text-align:center;--awb-caption-title-font-family:var(--h2_typography-font-family);--awb-caption-title-font-weight:var(--h2_typography-font-weight);--awb-caption-title-font-style:var(--h2_typography-font-style);--awb-caption-title-size:var(--h2_typography-font-size);--awb-caption-title-transform:var(--h2_typography-text-transform);--awb-caption-title-line-height:var(--h2_typography-line-height);--awb-caption-title-letter-spacing:var(--h2_typography-letter-spacing);\"><span class=\" fusion-imageframe imageframe-none imageframe-1 hover-type-none\"><a href=\"https:\/\/brekoverband.de\/wp-content\/uploads\/2025\/11\/2511-TALK-Speaker-EINLADUNG-1024-x-708-px.png\" class=\"fusion-lightbox\" data-rel=\"iLightbox[853066fac335a714b78]\" data-title=\"2511 TALK Speaker EINLADUNG (1024 x 708 px)\" title=\"2511 TALK Speaker EINLADUNG (1024 x 708 px)\"><img decoding=\"async\" width=\"1024\" height=\"708\" src=\"https:\/\/brekoverband.de\/wp-content\/uploads\/2025\/11\/2511-TALK-Speaker-EINLADUNG-1024-x-708-px.png\" data-orig-src=\"https:\/\/brekoverband.de\/wp-content\/uploads\/2025\/11\/2511-TALK-Speaker-EINLADUNG-1024-x-708-px.png\" alt class=\"lazyload img-responsive wp-image-15457\" srcset=\"data:image\/svg+xml,%3Csvg%20xmlns%3D%27http%3A%2F%2Fwww.w3.org%2F2000%2Fsvg%27%20width%3D%271024%27%20height%3D%27708%27%20viewBox%3D%270%200%201024%20708%27%3E%3Crect%20width%3D%271024%27%20height%3D%27708%27%20fill-opacity%3D%220%22%2F%3E%3C%2Fsvg%3E\" data-srcset=\"https:\/\/brekoverband.de\/wp-content\/uploads\/2025\/11\/2511-TALK-Speaker-EINLADUNG-1024-x-708-px-200x138.png 200w, https:\/\/brekoverband.de\/wp-content\/uploads\/2025\/11\/2511-TALK-Speaker-EINLADUNG-1024-x-708-px-400x277.png 400w, https:\/\/brekoverband.de\/wp-content\/uploads\/2025\/11\/2511-TALK-Speaker-EINLADUNG-1024-x-708-px-600x415.png 600w, https:\/\/brekoverband.de\/wp-content\/uploads\/2025\/11\/2511-TALK-Speaker-EINLADUNG-1024-x-708-px-800x553.png 800w, https:\/\/brekoverband.de\/wp-content\/uploads\/2025\/11\/2511-TALK-Speaker-EINLADUNG-1024-x-708-px.png 1024w\" data-sizes=\"auto\" data-orig-sizes=\"(max-width: 850px) 100vw, 600px\" \/><\/a><\/span><\/div><\/div><\/div><\/div><\/div><div class=\"fusion-fullwidth fullwidth-box fusion-builder-row-2 fusion-flex-container has-pattern-background has-mask-background nonhundred-percent-fullwidth non-hundred-percent-height-scrolling poli-container-mode-normal\" style=\"--awb-border-radius-top-left:0px;--awb-border-radius-top-right:0px;--awb-border-radius-bottom-right:0px;--awb-border-radius-bottom-left:0px;--awb-flex-wrap:wrap;\" ><div class=\"fusion-builder-row fusion-row fusion-flex-align-items-flex-start fusion-flex-justify-content-center fusion-flex-content-wrap\" style=\"max-width:1372.8px;margin-left: calc(-4% \/ 2 );margin-right: calc(-4% \/ 2 );\"><div class=\"fusion-layout-column fusion_builder_column fusion-builder-column-1 fusion_builder_column_4_5 4_5 fusion-flex-column\" style=\"--awb-bg-size:cover;--awb-width-large:80%;--awb-margin-top-large:0px;--awb-spacing-right-large:2.4%;--awb-margin-bottom-large:0px;--awb-spacing-left-large:2.4%;--awb-width-medium:80%;--awb-order-medium:0;--awb-spacing-right-medium:2.4%;--awb-spacing-left-medium:2.4%;--awb-width-small:100%;--awb-order-small:0;--awb-spacing-right-small:1.92%;--awb-spacing-left-small:1.92%;\"><div class=\"fusion-column-wrapper fusion-column-has-shadow fusion-flex-justify-content-flex-start fusion-content-layout-column\"><div class=\"fusion-text fusion-text-1\"><p>Die BREKO eG l\u00e4dt Sie herzlich zum <strong>BREKO Product Innovation TALK<\/strong> am <strong>25. November 2025 um 10:00 Uhr<\/strong> ein.<\/p>\n<p>Freuen Sie sich auf spannende Einblicke und neue L\u00f6sungen der Partner der BREKO eG in kompakten 60 Minuten.<\/p>\n<p><strong>Digitale Sicherheitszone f\u00fcr die Infrastruktur &#8211; Rechtssichere Leitungsauskunft mit dem BIL-System<\/strong><\/p>\n<p>BREKO eG Partner BIL eG stellt das genossenschaftliche BIL-System vor \u2013 eine zentrale Plattform zur automatisierten, rechtssicheren Leitungsauskunft \u00fcber alle Versorgungssparten hinweg. Durch die automatische Zust\u00e4ndigkeitspr\u00fcfung, das Aussortieren nicht-relevanter Anfragen und eine durchg\u00e4ngige Dokumentation bietet BIL eine zuverl\u00e4ssige Basis f\u00fcr Planung, Bau und Betrieb kritischer Infrastruktur. Anhand konkreter Praxisbeispiele zeigt die BREKO eG, wie BIL parallel zu bestehenden Systemen eingesetzt oder diesen vorgeschaltet werden kann, um Prozesse zu vereinheitlichen, Transparenz zu erh\u00f6hen und die Zahl manueller Anfragen deutlich zu reduzieren. So verbessern Sie Ihre internen und externen Abl\u00e4ufe sp\u00fcrbar und gewinnen zugleich mehr Sicherheit im Tages- und Projektgesch\u00e4ft.<\/p>\n<p><strong>Nur Homes Activated zahlt &#8211; Wie die NE4-Integration mit FASTPLANET gelingt<\/strong><\/p>\n<p>Schluss mit Excel-Listen und Datensilos. Der Partner der BREKO eG consberry erg\u00e4nzt mit FASTPLANET den Ansatz der BIL eG und stellt eine moderne, zentrale Managementplattform f\u00fcr den Glasfaserausbau vor. Die L\u00f6sung bildet s\u00e4mtliche Projektphasen digital ab \u2013 von der Planung \u00fcber die Umsetzung bis zum Betrieb \u2013 und erm\u00f6glicht eine reibungslose Zusammenarbeit zwischen Netzbetreibern, Stadtwerken, Planern und Ausf\u00fchrenden &#8211; vor allem im Bereich der Netzebene 4, auf die detailliert im TALK eingegangen wird. Durch standardisierte Datenhaltung, automatisierte Workflows und klare Schnittstellen entsteht ein durchg\u00e4ngiger, effizienter Prozess, der Zeit spart, Kosten reduziert und ein stabiles Fundament f\u00fcr Ihre nachhaltiges Wachstum schafft.<\/p>\n<p><strong>Anmeldung:<\/strong><\/p>\n<p>Melden Sie sich jetzt kostenlos an und sichern Sie sich einen Platz f\u00fcr den <strong>BREKO Product Innovation TALK.<\/strong><\/p>\n<p><strong>Kontakt:<\/strong><br \/>\nBei R\u00fcckfragen wenden Sie sich bitte per E-Mail an: <a href=\"mailto:schuster@brekoverband.de\">schuster@brekoverband.de<\/a><\/p>\n<\/div><a href=\"https:\/\/events.teams.microsoft.com\/event\/50375e30-69b9-4d89-9c3a-361b9de3ce91@4d4ceb52-0f1e-422a-b8f9-1a8930021ccd?id=15453&event=BREKO+Product+Innovation+TALK&info=25.+November+2025%2C+Online\" class=\"registration_button awb-no-decoration https:\/\/events.teams.microsoft.com\/event\/50375e30-69b9-4d89-9c3a-361b9de3ce91@4d4ceb52-0f1e-422a-b8f9-1a8930021ccd\" target=\"_blank\">Register now<\/a><\/div><\/div><\/div><\/div><\/p>\n","protected":false},"featured_media":15454,"template":"","meta":{"_acf_changed":false},"event_category":[49],"class_list":["post-15453","events","type-events","status-publish","has-post-thumbnail","hentry","event_category-events-der-breko-einkaufsgemeinschaft-eg"],"acf":[],"_links":{"self":[{"href":"https:\/\/brekoverband.de\/en\/wp-json\/wp\/v2\/events\/15453","targetHints":{"allow":["GET"]}}],"collection":[{"href":"https:\/\/brekoverband.de\/en\/wp-json\/wp\/v2\/events"}],"about":[{"href":"https:\/\/brekoverband.de\/en\/wp-json\/wp\/v2\/types\/events"}],"wp:featuredmedia":[{"embeddable":true,"href":"https:\/\/brekoverband.de\/en\/wp-json\/wp\/v2\/media\/15454"}],"wp:attachment":[{"href":"https:\/\/brekoverband.de\/en\/wp-json\/wp\/v2\/media?parent=15453"}],"wp:term":[{"taxonomy":"event_category","embeddable":true,"href":"https:\/\/brekoverband.de\/en\/wp-json\/wp\/v2\/event_category?post=15453"}],"curies":[{"name":"wp","href":"https:\/\/api.w.org\/{rel}","templated":true}]}}

<p><div class="fusion-fullwidth fullwidth-box fusion-builder-row-1 fusion-flex-container has-pattern-background has-mask-background nonhundred-percent-fullwidth non-hundred-percent-height-scrolling poli-container-mode-normal" style="--awb-border-radius-top-left:0px;--awb-border-radius-top-right:0px;--awb-border-radius-bottom-right:0px;--awb-border-radius-bottom-left:0px;--awb-flex-wrap:wrap;" ><div class="fusion-builder-row fusion-row fusion-flex-align-items-center fusion-flex-justify-content-center fusion-flex-content-wrap" style="max-width:1372.8px;margin-left: calc(-4% / 2 );margin-right: calc(-4% / 2 );"><div class="fusion-layout-column fusion_builder_column fusion-builder-column-0 fusion_builder_column_2_5 2_5 fusion-flex-column" style="--awb-bg-size:cover;--awb-width-large:40%;--awb-margin-top-large:0px;--awb-spacing-right-large:4.8%;--awb-margin-bottom-large:0px;--awb-spacing-left-large:4.8%;--awb-width-medium:40%;--awb-order-medium:0;--awb-spacing-right-medium:4.8%;--awb-spacing-left-medium:4.8%;--awb-width-small:100%;--awb-order-small:0;--awb-spacing-right-small:1.92%;--awb-spacing-left-small:1.92%;"><div class="fusion-column-wrapper fusion-column-has-shadow fusion-flex-justify-content-flex-start fusion-content-layout-column"><div class="fusion-image-element " style="text-align:center;--awb-caption-title-font-family:var(--h2_typography-font-family);--awb-caption-title-font-weight:var(--h2_typography-font-weight);--awb-caption-title-font-style:var(--h2_typography-font-style);--awb-caption-title-size:var(--h2_typography-font-size);--awb-caption-title-transform:var(--h2_typography-text-transform);--awb-caption-title-line-height:var(--h2_typography-line-height);--awb-caption-title-letter-spacing:var(--h2_typography-letter-spacing);"><span class=" fusion-imageframe imageframe-none imageframe-1 hover-type-none"><a href="https://brekoverband.de/wp-content/uploads/2025/11/2511-TALK-Speaker-EINLADUNG-1024-x-708-px.png" class="fusion-lightbox" data-rel="iLightbox[853066fac335a714b78]" data-title="2511 TALK Speaker EINLADUNG (1024 x 708 px)" title="2511 TALK Speaker EINLADUNG (1024 x 708 px)"><img decoding="async" width="1024" height="708" src="https://brekoverband.de/wp-content/uploads/2025/11/2511-TALK-Speaker-EINLADUNG-1024-x-708-px.png" data-orig-src="https://brekoverband.de/wp-content/uploads/2025/11/2511-TALK-Speaker-EINLADUNG-1024-x-708-px.png" alt class="lazyload img-responsive wp-image-15457" srcset="data:image/svg+xml,%3Csvg%20xmlns%3D%27http%3A%2F%2Fwww.w3.org%2F2000%2Fsvg%27%20width%3D%271024%27%20height%3D%27708%27%20viewBox%3D%270%200%201024%20708%27%3E%3Crect%20width%3D%271024%27%20height%3D%27708%27%20fill-opacity%3D%220%22%2F%3E%3C%2Fsvg%3E" data-srcset="https://brekoverband.de/wp-content/uploads/2025/11/2511-TALK-Speaker-EINLADUNG-1024-x-708-px-200x138.png 200w, https://brekoverband.de/wp-content/uploads/2025/11/2511-TALK-Speaker-EINLADUNG-1024-x-708-px-400x277.png 400w, https://brekoverband.de/wp-content/uploads/2025/11/2511-TALK-Speaker-EINLADUNG-1024-x-708-px-600x415.png 600w, https://brekoverband.de/wp-content/uploads/2025/11/2511-TALK-Speaker-EINLADUNG-1024-x-708-px-800x553.png 800w, https://brekoverband.de/wp-content/uploads/2025/11/2511-TALK-Speaker-EINLADUNG-1024-x-708-px.png 1024w" data-sizes="auto" data-orig-sizes="(max-width: 850px) 100vw, 600px" /></a></span></div></div></div></div></div><div class="fusion-fullwidth fullwidth-box fusion-builder-row-2 fusion-flex-container has-pattern-background has-mask-background nonhundred-percent-fullwidth non-hundred-percent-height-scrolling poli-container-mode-normal" style="--awb-border-radius-top-left:0px;--awb-border-radius-top-right:0px;--awb-border-radius-bottom-right:0px;--awb-border-radius-bottom-left:0px;--awb-flex-wrap:wrap;" ><div class="fusion-builder-row fusion-row fusion-flex-align-items-flex-start fusion-flex-justify-content-center fusion-flex-content-wrap" style="max-width:1372.8px;margin-left: calc(-4% / 2 );margin-right: calc(-4% / 2 );"><div class="fusion-layout-column fusion_builder_column fusion-builder-column-1 fusion_builder_column_4_5 4_5 fusion-flex-column" style="--awb-bg-size:cover;--awb-width-large:80%;--awb-margin-top-large:0px;--awb-spacing-right-large:2.4%;--awb-margin-bottom-large:0px;--awb-spacing-left-large:2.4%;--awb-width-medium:80%;--awb-order-medium:0;--awb-spacing-right-medium:2.4%;--awb-spacing-left-medium:2.4%;--awb-width-small:100%;--awb-order-small:0;--awb-spacing-right-small:1.92%;--awb-spacing-left-small:1.92%;"><div class="fusion-column-wrapper fusion-column-has-shadow fusion-flex-justify-content-flex-start fusion-content-layout-column"><div class="fusion-text fusion-text-1"><p>Die BREKO eG lädt Sie herzlich zum <strong>BREKO Product Innovation TALK</strong> am <strong>25. November 2025 um 10:00 Uhr</strong> ein.</p>
<p>Freuen Sie sich auf spannende Einblicke und neue Lösungen der Partner der BREKO eG in kompakten 60 Minuten.</p>
<p><strong>Digitale Sicherheitszone für die Infrastruktur &#8211; Rechtssichere Leitungsauskunft mit dem BIL-System</strong></p>
<p>BREKO eG Partner BIL eG stellt das genossenschaftliche BIL-System vor – eine zentrale Plattform zur automatisierten, rechtssicheren Leitungsauskunft über alle Versorgungssparten hinweg. Durch die automatische Zuständigkeitsprüfung, das Aussortieren nicht-relevanter Anfragen und eine durchgängige Dokumentation bietet BIL eine zuverlässige Basis für Planung, Bau und Betrieb kritischer Infrastruktur. Anhand konkreter Praxisbeispiele zeigt die BREKO eG, wie BIL parallel zu bestehenden Systemen eingesetzt oder diesen vorgeschaltet werden kann, um Prozesse zu vereinheitlichen, Transparenz zu erhöhen und die Zahl manueller Anfragen deutlich zu reduzieren. So verbessern Sie Ihre internen und externen Abläufe spürbar und gewinnen zugleich mehr Sicherheit im Tages- und Projektgeschäft.</p>
<p><strong>Nur Homes Activated zahlt &#8211; Wie die NE4-Integration mit FASTPLANET gelingt</strong></p>
<p>Schluss mit Excel-Listen und Datensilos. Der Partner der BREKO eG consberry ergänzt mit FASTPLANET den Ansatz der BIL eG und stellt eine moderne, zentrale Managementplattform für den Glasfaserausbau vor. Die Lösung bildet sämtliche Projektphasen digital ab – von der Planung über die Umsetzung bis zum Betrieb – und ermöglicht eine reibungslose Zusammenarbeit zwischen Netzbetreibern, Stadtwerken, Planern und Ausführenden &#8211; vor allem im Bereich der Netzebene 4, auf die detailliert im TALK eingegangen wird. Durch standardisierte Datenhaltung, automatisierte Workflows und klare Schnittstellen entsteht ein durchgängiger, effizienter Prozess, der Zeit spart, Kosten reduziert und ein stabiles Fundament für Ihre nachhaltiges Wachstum schafft.</p>
<p><strong>Anmeldung:</strong></p>
<p>Melden Sie sich jetzt kostenlos an und sichern Sie sich einen Platz für den <strong>BREKO Product Innovation TALK.</strong></p>
<p><strong>Kontakt:</strong><br />
Bei Rückfragen wenden Sie sich bitte per E-Mail an: <a href="mailto:schuster@brekoverband.de">schuster@brekoverband.de</a></p>
</div><a href="https://events.teams.microsoft.com/event/50375e30-69b9-4d89-9c3a-361b9de3ce91@4d4ceb52-0f1e-422a-b8f9-1a8930021ccd?id=15453&event=BREKO+Product+Innovation+TALK&info=25.+November+2025%2C+Online" class="registration_button awb-no-decoration https://events.teams.microsoft.com/event/50375e30-69b9-4d89-9c3a-361b9de3ce91@4d4ceb52-0f1e-422a-b8f9-1a8930021ccd" target="_blank">Register now</a></div></div></div></div></p>
