{"id":17051,"date":"2026-04-22T12:31:59","date_gmt":"2026-04-22T10:31:59","guid":{"rendered":"https:\/\/brekoverband.de\/?post_type=events&#038;p=17051"},"modified":"2026-04-22T12:31:59","modified_gmt":"2026-04-22T10:31:59","slug":"breko-product-innovation-talk-13","status":"publish","type":"events","link":"https:\/\/brekoverband.de\/en\/events\/breko-product-innovation-talk-13\/","title":{"rendered":"BREKO Product Innovation TALK"},"content":{"rendered":"<p><div class=\"fusion-fullwidth fullwidth-box fusion-builder-row-1 fusion-flex-container has-pattern-background has-mask-background nonhundred-percent-fullwidth non-hundred-percent-height-scrolling poli-container-mode-normal\" style=\"--awb-border-radius-top-left:0px;--awb-border-radius-top-right:0px;--awb-border-radius-bottom-right:0px;--awb-border-radius-bottom-left:0px;--awb-flex-wrap:wrap;\" ><div class=\"fusion-builder-row fusion-row fusion-flex-align-items-center fusion-flex-justify-content-center fusion-flex-content-wrap\" style=\"max-width:1372.8px;margin-left: calc(-4% \/ 2 );margin-right: calc(-4% \/ 2 );\"><div class=\"fusion-layout-column fusion_builder_column fusion-builder-column-0 fusion_builder_column_2_5 2_5 fusion-flex-column\" style=\"--awb-bg-size:cover;--awb-width-large:40%;--awb-margin-top-large:0px;--awb-spacing-right-large:4.8%;--awb-margin-bottom-large:0px;--awb-spacing-left-large:4.8%;--awb-width-medium:40%;--awb-order-medium:0;--awb-spacing-right-medium:4.8%;--awb-spacing-left-medium:4.8%;--awb-width-small:100%;--awb-order-small:0;--awb-spacing-right-small:1.92%;--awb-spacing-left-small:1.92%;\"><div class=\"fusion-column-wrapper fusion-column-has-shadow fusion-flex-justify-content-flex-start fusion-content-layout-column\"><div class=\"fusion-image-element \" style=\"--awb-caption-title-font-family:var(--h2_typography-font-family);--awb-caption-title-font-weight:var(--h2_typography-font-weight);--awb-caption-title-font-style:var(--h2_typography-font-style);--awb-caption-title-size:var(--h2_typography-font-size);--awb-caption-title-transform:var(--h2_typography-text-transform);--awb-caption-title-line-height:var(--h2_typography-line-height);--awb-caption-title-letter-spacing:var(--h2_typography-letter-spacing);\"><span class=\" fusion-imageframe imageframe-none imageframe-1 hover-type-none\"><a href=\"https:\/\/brekoverband.de\/wp-content\/uploads\/2026\/04\/0705-TALK-EV-1024x708-1.png\" class=\"fusion-lightbox\" data-rel=\"iLightbox[9ab605298df80c8246f]\" data-title=\"0705 TALK EV 1024&#215;708\" title=\"0705 TALK EV 1024&#215;708\"><img decoding=\"async\" width=\"1024\" height=\"708\" src=\"https:\/\/brekoverband.de\/wp-content\/uploads\/2026\/04\/0705-TALK-EV-1024x708-1.png\" data-orig-src=\"https:\/\/brekoverband.de\/wp-content\/uploads\/2026\/04\/0705-TALK-EV-1024x708-1.png\" alt class=\"lazyload img-responsive wp-image-17055\" srcset=\"data:image\/svg+xml,%3Csvg%20xmlns%3D%27http%3A%2F%2Fwww.w3.org%2F2000%2Fsvg%27%20width%3D%271024%27%20height%3D%27708%27%20viewBox%3D%270%200%201024%20708%27%3E%3Crect%20width%3D%271024%27%20height%3D%27708%27%20fill-opacity%3D%220%22%2F%3E%3C%2Fsvg%3E\" data-srcset=\"https:\/\/brekoverband.de\/wp-content\/uploads\/2026\/04\/0705-TALK-EV-1024x708-1-200x138.png 200w, https:\/\/brekoverband.de\/wp-content\/uploads\/2026\/04\/0705-TALK-EV-1024x708-1-400x277.png 400w, https:\/\/brekoverband.de\/wp-content\/uploads\/2026\/04\/0705-TALK-EV-1024x708-1-600x415.png 600w, https:\/\/brekoverband.de\/wp-content\/uploads\/2026\/04\/0705-TALK-EV-1024x708-1-800x553.png 800w, https:\/\/brekoverband.de\/wp-content\/uploads\/2026\/04\/0705-TALK-EV-1024x708-1.png 1024w\" data-sizes=\"auto\" data-orig-sizes=\"(max-width: 850px) 100vw, 600px\" \/><\/a><\/span><\/div><\/div><\/div><\/div><\/div><div class=\"fusion-fullwidth fullwidth-box fusion-builder-row-2 fusion-flex-container has-pattern-background has-mask-background nonhundred-percent-fullwidth non-hundred-percent-height-scrolling poli-container-mode-normal\" style=\"--awb-border-radius-top-left:0px;--awb-border-radius-top-right:0px;--awb-border-radius-bottom-right:0px;--awb-border-radius-bottom-left:0px;--awb-flex-wrap:wrap;\" ><div class=\"fusion-builder-row fusion-row fusion-flex-align-items-flex-start fusion-flex-justify-content-center fusion-flex-content-wrap\" style=\"max-width:1372.8px;margin-left: calc(-4% \/ 2 );margin-right: calc(-4% \/ 2 );\"><div class=\"fusion-layout-column fusion_builder_column fusion-builder-column-1 fusion_builder_column_4_5 4_5 fusion-flex-column\" style=\"--awb-bg-size:cover;--awb-width-large:80%;--awb-margin-top-large:0px;--awb-spacing-right-large:2.4%;--awb-margin-bottom-large:0px;--awb-spacing-left-large:2.4%;--awb-width-medium:80%;--awb-order-medium:0;--awb-spacing-right-medium:2.4%;--awb-spacing-left-medium:2.4%;--awb-width-small:100%;--awb-order-small:0;--awb-spacing-right-small:1.92%;--awb-spacing-left-small:1.92%;\"><div class=\"fusion-column-wrapper fusion-column-has-shadow fusion-flex-justify-content-flex-start fusion-content-layout-column\"><div class=\"fusion-text fusion-text-1\"><p>Technische Infrastruktur ist die Grundlage f\u00fcr einen stabilen und leistungsf\u00e4higen Netzbetrieb.<\/p>\n<p>Gleichzeitig steigen die Anforderungen an Effizienz, Skalierbarkeit und Zukunftsf\u00e4higkeit kontinuierlich.\u00a0Viele Netzbetreiber stehen vor der Herausforderung, ihre Netze so aufzustellen, dass sie heutigen und kommenden Marktanforderungen gleicherma\u00dfen gerecht werden.<\/p>\n<p>Genau dar\u00fcber m\u00f6chte die BREKO eG mit Ihnen sprechen.<\/p>\n<p>Gemeinsam mit den BREKO eG Partnern <strong>DCT DELTA AG<\/strong> und <strong>ZTE<\/strong> <strong>Deutschland<\/strong> l\u00e4dt die BREKO eG Sie herzlich zum n\u00e4chsten <strong>BREKO Product Innovation TALK am 07.05.2026 <\/strong>von 10:00 bis 11:00 Uhr ein.<\/p>\n<p><strong>Worum geht es konkret?<\/strong><\/p>\n<ul>\n<li>Wie Sie Glasfaserfehler im laufenden Betrieb effizient erkennen und lokalisieren<\/li>\n<li>Wie integrierte OTDR Technologie eine kontinuierliche und automatisierte Analyse erm\u00f6glicht<\/li>\n<li>Wie Sie St\u00f6rungen erkennen, ohne aktive Dienste zu unterbrechen<\/li>\n<li>Warum intelligente Analyse und GIS basierte Verfahren eine proaktive Entst\u00f6rung erm\u00f6glichen<\/li>\n<\/ul>\n<p><strong>Ein weiterer Fokus:<\/strong><\/p>\n<ul>\n<li>Wie Sie Netzstabilit\u00e4t und Signalqualit\u00e4t nachhaltig sichern<\/li>\n<li>Wie Sie ihre Infrastruktur auf steigende Anforderungen vorbereiten<\/li>\n<li>Wie Sie bestehende Netze gezielt analysieren und weiterentwickeln<\/li>\n<li>Warum ganzheitliche Ans\u00e4tze aus Planung, Umsetzung und Service zu effizienten und skalierbaren L\u00f6sungen f\u00fchren<\/li>\n<\/ul>\n<p>Dar\u00fcber hinaus zeigt die BREKO eG anhand von Best Practices aus der BREKO eG, wie moderne Infrastrukturl\u00f6sungen in der Praxis erfolgreich umgesetzt werden.<\/p>\n<p><strong>Anmeldung:<\/strong><\/p>\n<p>Melden Sie sich jetzt kostenlos an und sichern Sie sich einen Platz f\u00fcr den <strong>BREKO Product Innovation TALK.<\/strong><\/p>\n<p><strong>Kontakt:<\/strong><br \/>\nBei R\u00fcckfragen wenden Sie sich bitte per E-Mail an: <a href=\"mailto:koch@brekoverband.de\">koch@brekoverband.de<\/a><\/p>\n<\/div><a href=\"https:\/\/events.teams.microsoft.com\/event\/c28100af-d8bf-436b-a542-502184211f54@4d4ceb52-0f1e-422a-b8f9-1a8930021ccd?id=17051&event=BREKO+Product+Innovation+TALK&info=07.+Mai+2026%2C+Online\" class=\"registration_button awb-no-decoration https:\/\/events.teams.microsoft.com\/event\/c28100af-d8bf-436b-a542-502184211f54@4d4ceb52-0f1e-422a-b8f9-1a8930021ccd\" target=\"_blank\">Register now<\/a><\/div><\/div><\/div><\/div><\/p>\n","protected":false},"featured_media":17052,"template":"","meta":{"_acf_changed":false},"event_category":[49],"class_list":["post-17051","events","type-events","status-publish","has-post-thumbnail","hentry","event_category-events-der-breko-einkaufsgemeinschaft-eg"],"acf":[],"_links":{"self":[{"href":"https:\/\/brekoverband.de\/en\/wp-json\/wp\/v2\/events\/17051","targetHints":{"allow":["GET"]}}],"collection":[{"href":"https:\/\/brekoverband.de\/en\/wp-json\/wp\/v2\/events"}],"about":[{"href":"https:\/\/brekoverband.de\/en\/wp-json\/wp\/v2\/types\/events"}],"wp:featuredmedia":[{"embeddable":true,"href":"https:\/\/brekoverband.de\/en\/wp-json\/wp\/v2\/media\/17052"}],"wp:attachment":[{"href":"https:\/\/brekoverband.de\/en\/wp-json\/wp\/v2\/media?parent=17051"}],"wp:term":[{"taxonomy":"event_category","embeddable":true,"href":"https:\/\/brekoverband.de\/en\/wp-json\/wp\/v2\/event_category?post=17051"}],"curies":[{"name":"wp","href":"https:\/\/api.w.org\/{rel}","templated":true}]}}

<p><div class="fusion-fullwidth fullwidth-box fusion-builder-row-1 fusion-flex-container has-pattern-background has-mask-background nonhundred-percent-fullwidth non-hundred-percent-height-scrolling poli-container-mode-normal" style="--awb-border-radius-top-left:0px;--awb-border-radius-top-right:0px;--awb-border-radius-bottom-right:0px;--awb-border-radius-bottom-left:0px;--awb-flex-wrap:wrap;" ><div class="fusion-builder-row fusion-row fusion-flex-align-items-center fusion-flex-justify-content-center fusion-flex-content-wrap" style="max-width:1372.8px;margin-left: calc(-4% / 2 );margin-right: calc(-4% / 2 );"><div class="fusion-layout-column fusion_builder_column fusion-builder-column-0 fusion_builder_column_2_5 2_5 fusion-flex-column" style="--awb-bg-size:cover;--awb-width-large:40%;--awb-margin-top-large:0px;--awb-spacing-right-large:4.8%;--awb-margin-bottom-large:0px;--awb-spacing-left-large:4.8%;--awb-width-medium:40%;--awb-order-medium:0;--awb-spacing-right-medium:4.8%;--awb-spacing-left-medium:4.8%;--awb-width-small:100%;--awb-order-small:0;--awb-spacing-right-small:1.92%;--awb-spacing-left-small:1.92%;"><div class="fusion-column-wrapper fusion-column-has-shadow fusion-flex-justify-content-flex-start fusion-content-layout-column"><div class="fusion-image-element " style="--awb-caption-title-font-family:var(--h2_typography-font-family);--awb-caption-title-font-weight:var(--h2_typography-font-weight);--awb-caption-title-font-style:var(--h2_typography-font-style);--awb-caption-title-size:var(--h2_typography-font-size);--awb-caption-title-transform:var(--h2_typography-text-transform);--awb-caption-title-line-height:var(--h2_typography-line-height);--awb-caption-title-letter-spacing:var(--h2_typography-letter-spacing);"><span class=" fusion-imageframe imageframe-none imageframe-1 hover-type-none"><a href="https://brekoverband.de/wp-content/uploads/2026/04/0705-TALK-EV-1024x708-1.png" class="fusion-lightbox" data-rel="iLightbox[9ab605298df80c8246f]" data-title="0705 TALK EV 1024&#215;708" title="0705 TALK EV 1024&#215;708"><img decoding="async" width="1024" height="708" src="https://brekoverband.de/wp-content/uploads/2026/04/0705-TALK-EV-1024x708-1.png" data-orig-src="https://brekoverband.de/wp-content/uploads/2026/04/0705-TALK-EV-1024x708-1.png" alt class="lazyload img-responsive wp-image-17055" srcset="data:image/svg+xml,%3Csvg%20xmlns%3D%27http%3A%2F%2Fwww.w3.org%2F2000%2Fsvg%27%20width%3D%271024%27%20height%3D%27708%27%20viewBox%3D%270%200%201024%20708%27%3E%3Crect%20width%3D%271024%27%20height%3D%27708%27%20fill-opacity%3D%220%22%2F%3E%3C%2Fsvg%3E" data-srcset="https://brekoverband.de/wp-content/uploads/2026/04/0705-TALK-EV-1024x708-1-200x138.png 200w, https://brekoverband.de/wp-content/uploads/2026/04/0705-TALK-EV-1024x708-1-400x277.png 400w, https://brekoverband.de/wp-content/uploads/2026/04/0705-TALK-EV-1024x708-1-600x415.png 600w, https://brekoverband.de/wp-content/uploads/2026/04/0705-TALK-EV-1024x708-1-800x553.png 800w, https://brekoverband.de/wp-content/uploads/2026/04/0705-TALK-EV-1024x708-1.png 1024w" data-sizes="auto" data-orig-sizes="(max-width: 850px) 100vw, 600px" /></a></span></div></div></div></div></div><div class="fusion-fullwidth fullwidth-box fusion-builder-row-2 fusion-flex-container has-pattern-background has-mask-background nonhundred-percent-fullwidth non-hundred-percent-height-scrolling poli-container-mode-normal" style="--awb-border-radius-top-left:0px;--awb-border-radius-top-right:0px;--awb-border-radius-bottom-right:0px;--awb-border-radius-bottom-left:0px;--awb-flex-wrap:wrap;" ><div class="fusion-builder-row fusion-row fusion-flex-align-items-flex-start fusion-flex-justify-content-center fusion-flex-content-wrap" style="max-width:1372.8px;margin-left: calc(-4% / 2 );margin-right: calc(-4% / 2 );"><div class="fusion-layout-column fusion_builder_column fusion-builder-column-1 fusion_builder_column_4_5 4_5 fusion-flex-column" style="--awb-bg-size:cover;--awb-width-large:80%;--awb-margin-top-large:0px;--awb-spacing-right-large:2.4%;--awb-margin-bottom-large:0px;--awb-spacing-left-large:2.4%;--awb-width-medium:80%;--awb-order-medium:0;--awb-spacing-right-medium:2.4%;--awb-spacing-left-medium:2.4%;--awb-width-small:100%;--awb-order-small:0;--awb-spacing-right-small:1.92%;--awb-spacing-left-small:1.92%;"><div class="fusion-column-wrapper fusion-column-has-shadow fusion-flex-justify-content-flex-start fusion-content-layout-column"><div class="fusion-text fusion-text-1"><p>Technische Infrastruktur ist die Grundlage für einen stabilen und leistungsfähigen Netzbetrieb.</p>
<p>Gleichzeitig steigen die Anforderungen an Effizienz, Skalierbarkeit und Zukunftsfähigkeit kontinuierlich. Viele Netzbetreiber stehen vor der Herausforderung, ihre Netze so aufzustellen, dass sie heutigen und kommenden Marktanforderungen gleichermaßen gerecht werden.</p>
<p>Genau darüber möchte die BREKO eG mit Ihnen sprechen.</p>
<p>Gemeinsam mit den BREKO eG Partnern <strong>DCT DELTA AG</strong> und <strong>ZTE</strong> <strong>Deutschland</strong> lädt die BREKO eG Sie herzlich zum nächsten <strong>BREKO Product Innovation TALK am 07.05.2026 </strong>von 10:00 bis 11:00 Uhr ein.</p>
<p><strong>Worum geht es konkret?</strong></p>
<ul>
<li>Wie Sie Glasfaserfehler im laufenden Betrieb effizient erkennen und lokalisieren</li>
<li>Wie integrierte OTDR Technologie eine kontinuierliche und automatisierte Analyse ermöglicht</li>
<li>Wie Sie Störungen erkennen, ohne aktive Dienste zu unterbrechen</li>
<li>Warum intelligente Analyse und GIS basierte Verfahren eine proaktive Entstörung ermöglichen</li>
</ul>
<p><strong>Ein weiterer Fokus:</strong></p>
<ul>
<li>Wie Sie Netzstabilität und Signalqualität nachhaltig sichern</li>
<li>Wie Sie ihre Infrastruktur auf steigende Anforderungen vorbereiten</li>
<li>Wie Sie bestehende Netze gezielt analysieren und weiterentwickeln</li>
<li>Warum ganzheitliche Ansätze aus Planung, Umsetzung und Service zu effizienten und skalierbaren Lösungen führen</li>
</ul>
<p>Darüber hinaus zeigt die BREKO eG anhand von Best Practices aus der BREKO eG, wie moderne Infrastrukturlösungen in der Praxis erfolgreich umgesetzt werden.</p>
<p><strong>Anmeldung:</strong></p>
<p>Melden Sie sich jetzt kostenlos an und sichern Sie sich einen Platz für den <strong>BREKO Product Innovation TALK.</strong></p>
<p><strong>Kontakt:</strong><br />
Bei Rückfragen wenden Sie sich bitte per E-Mail an: <a href="mailto:koch@brekoverband.de">koch@brekoverband.de</a></p>
</div><a href="https://events.teams.microsoft.com/event/c28100af-d8bf-436b-a542-502184211f54@4d4ceb52-0f1e-422a-b8f9-1a8930021ccd?id=17051&event=BREKO+Product+Innovation+TALK&info=07.+Mai+2026%2C+Online" class="registration_button awb-no-decoration https://events.teams.microsoft.com/event/c28100af-d8bf-436b-a542-502184211f54@4d4ceb52-0f1e-422a-b8f9-1a8930021ccd" target="_blank">Register now</a></div></div></div></div></p>
