{"id":18663,"date":"2026-09-01T16:32:20","date_gmt":"2026-09-01T14:32:20","guid":{"rendered":"https:\/\/brekoverband.de\/?post_type=events&#038;p=18663"},"modified":"2026-09-01T16:35:22","modified_gmt":"2026-09-01T14:35:22","slug":"tec-jahrestagung-strategischer-ausblick-auf-den-tk-markt-2026-2","status":"publish","type":"events","link":"https:\/\/brekoverband.de\/en\/events\/tec-jahrestagung-strategischer-ausblick-auf-den-tk-markt-2026-2\/","title":{"rendered":"TEC Jahrestagung: \u201eStrategischer Ausblick auf den TK-Markt 2026\u201c"},"content":{"rendered":"<p><div class=\"fusion-fullwidth fullwidth-box fusion-builder-row-1 fusion-flex-container has-pattern-background has-mask-background nonhundred-percent-fullwidth non-hundred-percent-height-scrolling poli-container-mode-normal\" style=\"--awb-border-radius-top-left:0px;--awb-border-radius-top-right:0px;--awb-border-radius-bottom-right:0px;--awb-border-radius-bottom-left:0px;--awb-flex-wrap:wrap;\" ><div class=\"fusion-builder-row fusion-row fusion-flex-align-items-center fusion-flex-justify-content-center fusion-flex-content-wrap\" style=\"max-width:1372.8px;margin-left: calc(-4% \/ 2 );margin-right: calc(-4% \/ 2 );\"><div class=\"fusion-layout-column fusion_builder_column fusion-builder-column-0 fusion_builder_column_2_5 2_5 fusion-flex-column\" style=\"--awb-bg-size:cover;--awb-width-large:40%;--awb-margin-top-large:0px;--awb-spacing-right-large:4.8%;--awb-margin-bottom-large:0px;--awb-spacing-left-large:4.8%;--awb-width-medium:40%;--awb-order-medium:0;--awb-spacing-right-medium:4.8%;--awb-spacing-left-medium:4.8%;--awb-width-small:100%;--awb-order-small:0;--awb-spacing-right-small:1.92%;--awb-spacing-left-small:1.92%;\"><div class=\"fusion-column-wrapper fusion-column-has-shadow fusion-flex-justify-content-flex-start fusion-content-layout-column\"><div class=\"fusion-image-element\" style=\"--awb-caption-title-font-family:var(--h2_typography-font-family);--awb-caption-title-font-weight:var(--h2_typography-font-weight);--awb-caption-title-font-style:var(--h2_typography-font-style);--awb-caption-title-size:var(--h2_typography-font-size);--awb-caption-title-transform:var(--h2_typography-text-transform);--awb-caption-title-line-height:var(--h2_typography-line-height);--awb-caption-title-letter-spacing:var(--h2_typography-letter-spacing);\"><span class=\" fusion-imageframe imageframe-none imageframe-1 hover-type-none\"><a href=\"https:\/\/brekoverband.de\/wp-content\/uploads\/2026\/09\/BREKO-Header-600x314-Jahrestagung-2026.png\" class=\"fusion-lightbox\" data-rel=\"iLightbox[881f86f5a8554fc421a]\" data-title=\"BREKO Header 600&#215;314 Jahrestagung 2026\" title=\"BREKO Header 600&#215;314 Jahrestagung 2026\"><img decoding=\"async\" width=\"550\" height=\"314\" src=\"https:\/\/brekoverband.de\/wp-content\/uploads\/2026\/09\/BREKO-Header-600x314-Jahrestagung-2026.png\" data-orig-src=\"https:\/\/brekoverband.de\/wp-content\/uploads\/2026\/09\/BREKO-Header-600x314-Jahrestagung-2026.png\" alt class=\"lazyload img-responsive wp-image-18665\" srcset=\"data:image\/svg+xml,%3Csvg%20xmlns%3D%27http%3A%2F%2Fwww.w3.org%2F2000%2Fsvg%27%20width%3D%27550%27%20height%3D%27314%27%20viewBox%3D%270%200%20550%20314%27%3E%3Crect%20width%3D%27550%27%20height%3D%27314%27%20fill-opacity%3D%220%22%2F%3E%3C%2Fsvg%3E\" data-srcset=\"https:\/\/brekoverband.de\/wp-content\/uploads\/2026\/09\/BREKO-Header-600x314-Jahrestagung-2026-200x114.png 200w, https:\/\/brekoverband.de\/wp-content\/uploads\/2026\/09\/BREKO-Header-600x314-Jahrestagung-2026-400x228.png 400w, https:\/\/brekoverband.de\/wp-content\/uploads\/2026\/09\/BREKO-Header-600x314-Jahrestagung-2026.png 550w\" data-sizes=\"auto\" data-orig-sizes=\"(max-width: 850px) 100vw, 550px\" \/><\/a><\/span><\/div><\/div><\/div><\/div><\/div><div class=\"fusion-fullwidth fullwidth-box fusion-builder-row-2 fusion-flex-container has-pattern-background has-mask-background nonhundred-percent-fullwidth non-hundred-percent-height-scrolling poli-container-mode-normal\" style=\"--awb-border-radius-top-left:0px;--awb-border-radius-top-right:0px;--awb-border-radius-bottom-right:0px;--awb-border-radius-bottom-left:0px;--awb-flex-wrap:wrap;\" ><div class=\"fusion-builder-row fusion-row fusion-flex-align-items-flex-start fusion-flex-justify-content-center fusion-flex-content-wrap\" style=\"max-width:1372.8px;margin-left: calc(-4% \/ 2 );margin-right: calc(-4% \/ 2 );\"><div class=\"fusion-layout-column fusion_builder_column fusion-builder-column-1 fusion_builder_column_4_5 4_5 fusion-flex-column\" style=\"--awb-bg-size:cover;--awb-width-large:80%;--awb-margin-top-large:0px;--awb-spacing-right-large:2.4%;--awb-margin-bottom-large:0px;--awb-spacing-left-large:2.4%;--awb-width-medium:80%;--awb-order-medium:0;--awb-spacing-right-medium:2.4%;--awb-spacing-left-medium:2.4%;--awb-width-small:100%;--awb-order-small:0;--awb-spacing-right-small:1.92%;--awb-spacing-left-small:1.92%;\"><div class=\"fusion-column-wrapper fusion-column-has-shadow fusion-flex-justify-content-flex-start fusion-content-layout-column\"><div class=\"fusion-text fusion-text-1\"><p class=\"elementtoproof\" style=\"background: white;\"><span style=\"color: black;\">Wir laden Sie herzlich zur TEC-Jahrestagung:<b>\u00a0\u201eStrategischer Ausblick auf den TK-Markt 2026\u201c<\/b> ein.<br \/>\nDie Veranstaltung findet am m 24.09.2026 ab 14:30 Uhr im PwC in Frankfurt am Main statt.<br \/>\n<\/span><\/p>\n<div class=\"et_pb_column et_pb_column_1_2 et_pb_column_3 et_pb_css_mix_blend_mode_passthrough\">\n<div class=\"et_pb_module et_pb_text et_pb_text_2 et_pb_text_align_left et_pb_bg_layout_light\">\n<div class=\"et_pb_text_inner\">\n<p>Der deutsche TK-Markt steht vor einer Neuorientierung: Der Glasfasermarkt befindet sich zunehmend in einer Konsolidierungsphase. Die seit 2023 weitgehend konstante Take-up-Rate von 24% (BnetzA) zeigt, dass die Endkundennachfrage trotz des fortschreitenden Ausbaus bislang immer noch nicht die gew\u00fcnschte Akzeptanz erreicht hat. Der Mobilfunkmarkt in Deutschland ist weitgehend ges\u00e4ttigt und es fehlen erkennbare Wachstumsimpulse \u2013 der Mobilfunkumsatz stagniert seit Jahren bei 27 Mrd. \u20ac.<\/p>\n<p>Unter diesen Vorzeichen werden viele Marktteilnehmer gezwungen, ihre Strategie zu \u00fcberpr\u00fcfen: Portfolio, Segmentierung, Kooperationen, Gesch\u00e4ftsmodelle und Investitionen \u2013 stimmt der Fahrplan noch? Ohne Wenn und Aber: digitale Infrastruktur ist ein entscheidender Schl\u00fcssel, um Leistungsf\u00e4higkeit und Wettbewerbsf\u00e4higkeit des Landes und der Unternehmen zu sichern.<\/p>\n<\/div>\n<\/div>\n<\/div>\n<div class=\"et_pb_column et_pb_column_1_2 et_pb_column_4 et_pb_css_mix_blend_mode_passthrough et-last-child\">\n<div class=\"et_pb_module et_pb_text et_pb_text_3 et_pb_text_align_left et_pb_bg_layout_light\">\n<div class=\"et_pb_text_inner\">\n<p>Die folgenden Themen werden auf der Jahrestagung diskutiert:<\/p>\n<ul>\n<li>Welchen Einfluss haben die aktuellen Entwicklungen im Glasfaserausbau auf den Markt und die Renditeerwartungen f\u00fcr 2027?<\/li>\n<\/ul>\n<ul>\n<li>Woher kommen neue Impulse im Mobilfunk, wenn der klassische Markt ges\u00e4ttigt ist und die Grenzen des traditionellen Wachstums erreicht sind?<\/li>\n<\/ul>\n<ul>\n<li>Welche neuen regulatorischen Vorgaben kommen auf die Branche zu und welche Konsequenzen ergeben sich daraus?<\/li>\n<\/ul>\n<\/div>\n<\/div>\n<\/div>\n<p class=\"elementtoproof\" style=\"background: white;\"><span style=\"color: black;\">\u00a0<\/span><\/p>\n<\/div><div class=\"fusion-text fusion-text-2\"><p><strong><span style=\"color: black;\">F\u00fcr die aktuelle Veranstaltung stehen dem BREKO\u00a0 zwei Freitickets zur Verf\u00fcgung (Vergabe nach dem first-come-first-Serve Prinzip). Bei Interesse melden Sie sich bitte bei <a href=\"volz@brekoverband.de\">Heike Volz<\/a> \/BREKO.\u00a0 <\/span><\/strong><\/p>\n<p><strong><span style=\"color: black;\">Bei jeder weiteren Buchungen als BREKO Mitglied erfolgt ein Rabatt von 20 % auf die Teilnahmegeb\u00fchr (Auswahl Pr\u00e4senz Verbandsticket)\u00a0<\/span><\/strong><\/p>\n<\/div><div ><a class=\"fusion-button button-flat fusion-button-default-size button-default fusion-button-default button-1 fusion-button-default-span fusion-button-default-type\" target=\"_self\" href=\"https:\/\/www.tec-anmeldung.de\/bookTicketForEvent?eventId=620985\"><span class=\"fusion-button-text awb-button__text awb-button__text--default\">HIER GEHT ES ZUR ANMELDUNG<\/span><\/a><\/div><\/div><\/div><\/div><\/div><\/p>\n","protected":false},"featured_media":18664,"template":"","meta":{"_acf_changed":false},"event_category":[50],"class_list":["post-18663","events","type-events","status-publish","has-post-thumbnail","hentry","event_category-partner-events"],"acf":[],"_links":{"self":[{"href":"https:\/\/brekoverband.de\/en\/wp-json\/wp\/v2\/events\/18663","targetHints":{"allow":["GET"]}}],"collection":[{"href":"https:\/\/brekoverband.de\/en\/wp-json\/wp\/v2\/events"}],"about":[{"href":"https:\/\/brekoverband.de\/en\/wp-json\/wp\/v2\/types\/events"}],"wp:featuredmedia":[{"embeddable":true,"href":"https:\/\/brekoverband.de\/en\/wp-json\/wp\/v2\/media\/18664"}],"wp:attachment":[{"href":"https:\/\/brekoverband.de\/en\/wp-json\/wp\/v2\/media?parent=18663"}],"wp:term":[{"taxonomy":"event_category","embeddable":true,"href":"https:\/\/brekoverband.de\/en\/wp-json\/wp\/v2\/event_category?post=18663"}],"curies":[{"name":"wp","href":"https:\/\/api.w.org\/{rel}","templated":true}]}}

<p><div class="fusion-fullwidth fullwidth-box fusion-builder-row-1 fusion-flex-container has-pattern-background has-mask-background nonhundred-percent-fullwidth non-hundred-percent-height-scrolling poli-container-mode-normal" style="--awb-border-radius-top-left:0px;--awb-border-radius-top-right:0px;--awb-border-radius-bottom-right:0px;--awb-border-radius-bottom-left:0px;--awb-flex-wrap:wrap;" ><div class="fusion-builder-row fusion-row fusion-flex-align-items-center fusion-flex-justify-content-center fusion-flex-content-wrap" style="max-width:1372.8px;margin-left: calc(-4% / 2 );margin-right: calc(-4% / 2 );"><div class="fusion-layout-column fusion_builder_column fusion-builder-column-0 fusion_builder_column_2_5 2_5 fusion-flex-column" style="--awb-bg-size:cover;--awb-width-large:40%;--awb-margin-top-large:0px;--awb-spacing-right-large:4.8%;--awb-margin-bottom-large:0px;--awb-spacing-left-large:4.8%;--awb-width-medium:40%;--awb-order-medium:0;--awb-spacing-right-medium:4.8%;--awb-spacing-left-medium:4.8%;--awb-width-small:100%;--awb-order-small:0;--awb-spacing-right-small:1.92%;--awb-spacing-left-small:1.92%;"><div class="fusion-column-wrapper fusion-column-has-shadow fusion-flex-justify-content-flex-start fusion-content-layout-column"><div class="fusion-image-element" style="--awb-caption-title-font-family:var(--h2_typography-font-family);--awb-caption-title-font-weight:var(--h2_typography-font-weight);--awb-caption-title-font-style:var(--h2_typography-font-style);--awb-caption-title-size:var(--h2_typography-font-size);--awb-caption-title-transform:var(--h2_typography-text-transform);--awb-caption-title-line-height:var(--h2_typography-line-height);--awb-caption-title-letter-spacing:var(--h2_typography-letter-spacing);"><span class=" fusion-imageframe imageframe-none imageframe-1 hover-type-none"><a href="https://brekoverband.de/wp-content/uploads/2026/09/BREKO-Header-600x314-Jahrestagung-2026.png" class="fusion-lightbox" data-rel="iLightbox[881f86f5a8554fc421a]" data-title="BREKO Header 600&#215;314 Jahrestagung 2026" title="BREKO Header 600&#215;314 Jahrestagung 2026"><img decoding="async" width="550" height="314" src="https://brekoverband.de/wp-content/uploads/2026/09/BREKO-Header-600x314-Jahrestagung-2026.png" data-orig-src="https://brekoverband.de/wp-content/uploads/2026/09/BREKO-Header-600x314-Jahrestagung-2026.png" alt class="lazyload img-responsive wp-image-18665" srcset="data:image/svg+xml,%3Csvg%20xmlns%3D%27http%3A%2F%2Fwww.w3.org%2F2000%2Fsvg%27%20width%3D%27550%27%20height%3D%27314%27%20viewBox%3D%270%200%20550%20314%27%3E%3Crect%20width%3D%27550%27%20height%3D%27314%27%20fill-opacity%3D%220%22%2F%3E%3C%2Fsvg%3E" data-srcset="https://brekoverband.de/wp-content/uploads/2026/09/BREKO-Header-600x314-Jahrestagung-2026-200x114.png 200w, https://brekoverband.de/wp-content/uploads/2026/09/BREKO-Header-600x314-Jahrestagung-2026-400x228.png 400w, https://brekoverband.de/wp-content/uploads/2026/09/BREKO-Header-600x314-Jahrestagung-2026.png 550w" data-sizes="auto" data-orig-sizes="(max-width: 850px) 100vw, 550px" /></a></span></div></div></div></div></div><div class="fusion-fullwidth fullwidth-box fusion-builder-row-2 fusion-flex-container has-pattern-background has-mask-background nonhundred-percent-fullwidth non-hundred-percent-height-scrolling poli-container-mode-normal" style="--awb-border-radius-top-left:0px;--awb-border-radius-top-right:0px;--awb-border-radius-bottom-right:0px;--awb-border-radius-bottom-left:0px;--awb-flex-wrap:wrap;" ><div class="fusion-builder-row fusion-row fusion-flex-align-items-flex-start fusion-flex-justify-content-center fusion-flex-content-wrap" style="max-width:1372.8px;margin-left: calc(-4% / 2 );margin-right: calc(-4% / 2 );"><div class="fusion-layout-column fusion_builder_column fusion-builder-column-1 fusion_builder_column_4_5 4_5 fusion-flex-column" style="--awb-bg-size:cover;--awb-width-large:80%;--awb-margin-top-large:0px;--awb-spacing-right-large:2.4%;--awb-margin-bottom-large:0px;--awb-spacing-left-large:2.4%;--awb-width-medium:80%;--awb-order-medium:0;--awb-spacing-right-medium:2.4%;--awb-spacing-left-medium:2.4%;--awb-width-small:100%;--awb-order-small:0;--awb-spacing-right-small:1.92%;--awb-spacing-left-small:1.92%;"><div class="fusion-column-wrapper fusion-column-has-shadow fusion-flex-justify-content-flex-start fusion-content-layout-column"><div class="fusion-text fusion-text-1"><p class="elementtoproof" style="background: white;"><span style="color: black;">Wir laden Sie herzlich zur TEC-Jahrestagung:<b> „Strategischer Ausblick auf den TK-Markt 2026“</b> ein.<br />
Die Veranstaltung findet am m 24.09.2026 ab 14:30 Uhr im PwC in Frankfurt am Main statt.<br />
</span></p>
<div class="et_pb_column et_pb_column_1_2 et_pb_column_3 et_pb_css_mix_blend_mode_passthrough">
<div class="et_pb_module et_pb_text et_pb_text_2 et_pb_text_align_left et_pb_bg_layout_light">
<div class="et_pb_text_inner">
<p>Der deutsche TK-Markt steht vor einer Neuorientierung: Der Glasfasermarkt befindet sich zunehmend in einer Konsolidierungsphase. Die seit 2023 weitgehend konstante Take-up-Rate von 24% (BnetzA) zeigt, dass die Endkundennachfrage trotz des fortschreitenden Ausbaus bislang immer noch nicht die gewünschte Akzeptanz erreicht hat. Der Mobilfunkmarkt in Deutschland ist weitgehend gesättigt und es fehlen erkennbare Wachstumsimpulse – der Mobilfunkumsatz stagniert seit Jahren bei 27 Mrd. €.</p>
<p>Unter diesen Vorzeichen werden viele Marktteilnehmer gezwungen, ihre Strategie zu überprüfen: Portfolio, Segmentierung, Kooperationen, Geschäftsmodelle und Investitionen – stimmt der Fahrplan noch? Ohne Wenn und Aber: digitale Infrastruktur ist ein entscheidender Schlüssel, um Leistungsfähigkeit und Wettbewerbsfähigkeit des Landes und der Unternehmen zu sichern.</p>
</div>
</div>
</div>
<div class="et_pb_column et_pb_column_1_2 et_pb_column_4 et_pb_css_mix_blend_mode_passthrough et-last-child">
<div class="et_pb_module et_pb_text et_pb_text_3 et_pb_text_align_left et_pb_bg_layout_light">
<div class="et_pb_text_inner">
<p>Die folgenden Themen werden auf der Jahrestagung diskutiert:</p>
<ul>
<li>Welchen Einfluss haben die aktuellen Entwicklungen im Glasfaserausbau auf den Markt und die Renditeerwartungen für 2027?</li>
</ul>
<ul>
<li>Woher kommen neue Impulse im Mobilfunk, wenn der klassische Markt gesättigt ist und die Grenzen des traditionellen Wachstums erreicht sind?</li>
</ul>
<ul>
<li>Welche neuen regulatorischen Vorgaben kommen auf die Branche zu und welche Konsequenzen ergeben sich daraus?</li>
</ul>
</div>
</div>
</div>
<p class="elementtoproof" style="background: white;"><span style="color: black;"> </span></p>
</div><div class="fusion-text fusion-text-2"><p><strong><span style="color: black;">Für die aktuelle Veranstaltung stehen dem BREKO  zwei Freitickets zur Verfügung (Vergabe nach dem first-come-first-Serve Prinzip). Bei Interesse melden Sie sich bitte bei <a href="volz@brekoverband.de">Heike Volz</a> /BREKO.  </span></strong></p>
<p><strong><span style="color: black;">Bei jeder weiteren Buchungen als BREKO Mitglied erfolgt ein Rabatt von 20 % auf die Teilnahmegebühr (Auswahl Präsenz Verbandsticket) </span></strong></p>
</div><div ><a class="fusion-button button-flat fusion-button-default-size button-default fusion-button-default button-1 fusion-button-default-span fusion-button-default-type" target="_self" href="https://www.tec-anmeldung.de/bookTicketForEvent?eventId=620985"><span class="fusion-button-text awb-button__text awb-button__text--default">HIER GEHT ES ZUR ANMELDUNG</span></a></div></div></div></div></div></p>
